{"id":3821,"date":"2025-11-26T21:43:42","date_gmt":"2025-11-26T19:43:42","guid":{"rendered":"https:\/\/satuaasintalli.fi\/?post_type=product&#038;p=3821"},"modified":"2025-11-26T21:44:29","modified_gmt":"2025-11-26T19:44:29","slug":"lasinalunen","status":"publish","type":"product","link":"https:\/\/satuaasintalli.fi\/index.php\/tuote\/lasinalunen\/","title":{"rendered":"Lasinalunen (4 kpl setti)"},"content":{"rendered":"<p>Virkatut aasinh\u00e4nt\u00e4iset lasinaluset, jotka on tehnyt k\u00e4sity\u00f6n\u00e4 SatuAasin tallin pit\u00e4j\u00e4 Satu itse. Materiaalina vaihtuvat villalangat. Myyd\u00e4\u00e4n yksil\u00f6llisin\u00e4 settein\u00e4 (lue tarkemmat kuvaukset tuotekuvan l\u00e4heisyydest\u00e4).<\/p>\n<p>Alunen sopii hyvin my\u00f6s LED-kynttil\u00e4n alle, mutta \u00e4l\u00e4 k\u00e4yt\u00e4 palavan kynttil\u00e4n alusena (syttymisvaara).<\/p>\n","protected":false},"excerpt":{"rendered":"<p>K\u00e4sin virkatut aasinh\u00e4nt\u00e4iset lasinaluset, jotka on tehnyt k\u00e4sity\u00f6n\u00e4 SatuAasin tallin pit\u00e4j\u00e4 Satu itse. Materiaalina vaihtuvat villalangat. Myyd\u00e4\u00e4n yksil\u00f6llisin\u00e4 settein\u00e4.<\/p>\n<p>Alunen sopii hyvin my\u00f6s LED-kynttil\u00e4n alle, mutta \u00e4l\u00e4 k\u00e4yt\u00e4 palavan kynttil\u00e4n alusena (syttymisvaara).<\/p>\n<p>Kuvassa oleva setti sis\u00e4lt\u00e4\u00e4:<\/p>\n<ul>\n<li>nelj\u00e4 aasinh\u00e4nn\u00e4llist\u00e4 alusta<\/li>\n<li>kolme halkaisijaltaan 12 cm ja yksi\u00a0 9,5 cm<\/li>\n<li>materiaali villalanka<\/li>\n<li>v\u00e4ri ruskea.<\/li>\n<\/ul>\n<p>&nbsp;<\/p>\n","protected":false},"featured_media":3824,"comment_status":"open","ping_status":"closed","template":"","meta":[],"product_brand":[],"product_cat":[25],"product_tag":[27,127,128,81],"class_list":{"0":"post-3821","1":"product","2":"type-product","3":"status-publish","4":"has-post-thumbnail","6":"product_cat-aasimaiset-tuotteet","7":"product_tag-kasityo","8":"product_tag-lasinalunen","9":"product_tag-led-kynttila","10":"product_tag-virkkaus","12":"first","13":"instock","14":"taxable","15":"shipping-taxable","16":"purchasable","17":"product-type-simple"},"yoast_head":"<!-- This site is optimized with the Yoast SEO plugin v27.5 - https:\/\/yoast.com\/product\/yoast-seo-wordpress\/ -->\n<title>Lasinalunen (4 kpl setti) - SatuAasin talli<\/title>\n<meta name=\"description\" content=\"K\u00e4sin virkatut aasinh\u00e4nt\u00e4iset lasin\/LED-kynttil\u00e4n aluset, jotka on tehnyt k\u00e4sity\u00f6n\u00e4 SatuAasin tallin pit\u00e4j\u00e4 Satu itse. Myyd\u00e4\u00e4n yksil\u00f6llisin\u00e4 settein\u00e4.\" \/>\n<meta name=\"robots\" content=\"index, follow, max-snippet:-1, max-image-preview:large, max-video-preview:-1\" \/>\n<link rel=\"canonical\" href=\"https:\/\/satuaasintalli.fi\/index.php\/tuote\/lasinalunen\/\" \/>\n<meta property=\"og:locale\" content=\"fi_FI\" \/>\n<meta property=\"og:type\" content=\"article\" \/>\n<meta property=\"og:title\" content=\"Lasinalunen (4 kpl setti) - SatuAasin talli\" \/>\n<meta property=\"og:description\" content=\"K\u00e4sin virkatut aasinh\u00e4nt\u00e4iset lasin\/LED-kynttil\u00e4n aluset, jotka on tehnyt k\u00e4sity\u00f6n\u00e4 SatuAasin tallin pit\u00e4j\u00e4 Satu itse. Myyd\u00e4\u00e4n yksil\u00f6llisin\u00e4 settein\u00e4.\" \/>\n<meta property=\"og:url\" content=\"https:\/\/satuaasintalli.fi\/index.php\/tuote\/lasinalunen\/\" \/>\n<meta property=\"og:site_name\" content=\"SatuAasin talli\" \/>\n<meta property=\"article:publisher\" content=\"https:\/\/www.facebook.com\/hevostoimintavalkas\/\" \/>\n<meta property=\"article:modified_time\" content=\"2025-11-26T19:44:29+00:00\" \/>\n<meta property=\"og:image\" content=\"https:\/\/satuaasintalli.fi\/wp-content\/uploads\/2025\/11\/Lasinaluset.jpg\" \/>\n\t<meta property=\"og:image:width\" content=\"300\" \/>\n\t<meta property=\"og:image:height\" content=\"400\" \/>\n\t<meta property=\"og:image:type\" content=\"image\/jpeg\" \/>\n<meta name=\"twitter:card\" content=\"summary_large_image\" \/>\n<meta name=\"twitter:label1\" content=\"Arvioitu lukuaika\" \/>\n\t<meta name=\"twitter:data1\" content=\"1 minuutti\" \/>\n<script type=\"application\/ld+json\" class=\"yoast-schema-graph\">{\"@context\":\"https:\\\/\\\/schema.org\",\"@graph\":[{\"@type\":\"WebPage\",\"@id\":\"https:\\\/\\\/satuaasintalli.fi\\\/index.php\\\/tuote\\\/lasinalunen\\\/\",\"url\":\"https:\\\/\\\/satuaasintalli.fi\\\/index.php\\\/tuote\\\/lasinalunen\\\/\",\"name\":\"Lasinalunen (4 kpl setti) - SatuAasin talli\",\"isPartOf\":{\"@id\":\"https:\\\/\\\/satuaasintalli.fi\\\/#website\"},\"primaryImageOfPage\":{\"@id\":\"https:\\\/\\\/satuaasintalli.fi\\\/index.php\\\/tuote\\\/lasinalunen\\\/#primaryimage\"},\"image\":{\"@id\":\"https:\\\/\\\/satuaasintalli.fi\\\/index.php\\\/tuote\\\/lasinalunen\\\/#primaryimage\"},\"thumbnailUrl\":\"https:\\\/\\\/satuaasintalli.fi\\\/wp-content\\\/uploads\\\/2025\\\/11\\\/Lasinaluset.jpg\",\"datePublished\":\"2025-11-26T19:43:42+00:00\",\"dateModified\":\"2025-11-26T19:44:29+00:00\",\"description\":\"K\u00e4sin virkatut aasinh\u00e4nt\u00e4iset lasin\\\/LED-kynttil\u00e4n aluset, jotka on tehnyt k\u00e4sity\u00f6n\u00e4 SatuAasin tallin pit\u00e4j\u00e4 Satu itse. Myyd\u00e4\u00e4n yksil\u00f6llisin\u00e4 settein\u00e4.\",\"breadcrumb\":{\"@id\":\"https:\\\/\\\/satuaasintalli.fi\\\/index.php\\\/tuote\\\/lasinalunen\\\/#breadcrumb\"},\"inLanguage\":\"fi\",\"potentialAction\":[{\"@type\":\"ReadAction\",\"target\":[\"https:\\\/\\\/satuaasintalli.fi\\\/index.php\\\/tuote\\\/lasinalunen\\\/\"]}]},{\"@type\":\"ImageObject\",\"inLanguage\":\"fi\",\"@id\":\"https:\\\/\\\/satuaasintalli.fi\\\/index.php\\\/tuote\\\/lasinalunen\\\/#primaryimage\",\"url\":\"https:\\\/\\\/satuaasintalli.fi\\\/wp-content\\\/uploads\\\/2025\\\/11\\\/Lasinaluset.jpg\",\"contentUrl\":\"https:\\\/\\\/satuaasintalli.fi\\\/wp-content\\\/uploads\\\/2025\\\/11\\\/Lasinaluset.jpg\",\"width\":300,\"height\":400},{\"@type\":\"BreadcrumbList\",\"@id\":\"https:\\\/\\\/satuaasintalli.fi\\\/index.php\\\/tuote\\\/lasinalunen\\\/#breadcrumb\",\"itemListElement\":[{\"@type\":\"ListItem\",\"position\":1,\"name\":\"Home\",\"item\":\"https:\\\/\\\/satuaasintalli.fi\\\/\"},{\"@type\":\"ListItem\",\"position\":2,\"name\":\"Tervetuloa SatuAasien kauppaan!\",\"item\":\"https:\\\/\\\/satuaasintalli.fi\\\/index.php\\\/kauppa\\\/\"},{\"@type\":\"ListItem\",\"position\":3,\"name\":\"Lasinalunen (4 kpl setti)\"}]},{\"@type\":\"WebSite\",\"@id\":\"https:\\\/\\\/satuaasintalli.fi\\\/#website\",\"url\":\"https:\\\/\\\/satuaasintalli.fi\\\/\",\"name\":\"SatuAasin talli\",\"description\":\"SatuAasin tallin kotisivut ja verkkokauppa\",\"publisher\":{\"@id\":\"https:\\\/\\\/satuaasintalli.fi\\\/#organization\"},\"potentialAction\":[{\"@type\":\"SearchAction\",\"target\":{\"@type\":\"EntryPoint\",\"urlTemplate\":\"https:\\\/\\\/satuaasintalli.fi\\\/?s={search_term_string}\"},\"query-input\":{\"@type\":\"PropertyValueSpecification\",\"valueRequired\":true,\"valueName\":\"search_term_string\"}}],\"inLanguage\":\"fi\"},{\"@type\":\"Organization\",\"@id\":\"https:\\\/\\\/satuaasintalli.fi\\\/#organization\",\"name\":\"SatuAasin talli\",\"url\":\"https:\\\/\\\/satuaasintalli.fi\\\/\",\"logo\":{\"@type\":\"ImageObject\",\"inLanguage\":\"fi\",\"@id\":\"https:\\\/\\\/satuaasintalli.fi\\\/#\\\/schema\\\/logo\\\/image\\\/\",\"url\":\"https:\\\/\\\/satuaasintalli.fi\\\/wp-content\\\/uploads\\\/2022\\\/03\\\/SatuAasin-talli-logo.png\",\"contentUrl\":\"https:\\\/\\\/satuaasintalli.fi\\\/wp-content\\\/uploads\\\/2022\\\/03\\\/SatuAasin-talli-logo.png\",\"width\":500,\"height\":523,\"caption\":\"SatuAasin talli\"},\"image\":{\"@id\":\"https:\\\/\\\/satuaasintalli.fi\\\/#\\\/schema\\\/logo\\\/image\\\/\"},\"sameAs\":[\"https:\\\/\\\/www.facebook.com\\\/hevostoimintavalkas\\\/\",\"https:\\\/\\\/www.instagram.com\\\/satuaasintalli\\\/?hl=fi\"]}]}<\/script>\n<!-- \/ Yoast SEO plugin. -->","yoast_head_json":{"title":"Lasinalunen (4 kpl setti) - SatuAasin talli","description":"K\u00e4sin virkatut aasinh\u00e4nt\u00e4iset lasin\/LED-kynttil\u00e4n aluset, jotka on tehnyt k\u00e4sity\u00f6n\u00e4 SatuAasin tallin pit\u00e4j\u00e4 Satu itse. Myyd\u00e4\u00e4n yksil\u00f6llisin\u00e4 settein\u00e4.","robots":{"index":"index","follow":"follow","max-snippet":"max-snippet:-1","max-image-preview":"max-image-preview:large","max-video-preview":"max-video-preview:-1"},"canonical":"https:\/\/satuaasintalli.fi\/index.php\/tuote\/lasinalunen\/","og_locale":"fi_FI","og_type":"article","og_title":"Lasinalunen (4 kpl setti) - SatuAasin talli","og_description":"K\u00e4sin virkatut aasinh\u00e4nt\u00e4iset lasin\/LED-kynttil\u00e4n aluset, jotka on tehnyt k\u00e4sity\u00f6n\u00e4 SatuAasin tallin pit\u00e4j\u00e4 Satu itse. Myyd\u00e4\u00e4n yksil\u00f6llisin\u00e4 settein\u00e4.","og_url":"https:\/\/satuaasintalli.fi\/index.php\/tuote\/lasinalunen\/","og_site_name":"SatuAasin talli","article_publisher":"https:\/\/www.facebook.com\/hevostoimintavalkas\/","article_modified_time":"2025-11-26T19:44:29+00:00","og_image":[{"width":300,"height":400,"url":"https:\/\/satuaasintalli.fi\/wp-content\/uploads\/2025\/11\/Lasinaluset.jpg","type":"image\/jpeg"}],"twitter_card":"summary_large_image","twitter_misc":{"Arvioitu lukuaika":"1 minuutti"},"schema":{"@context":"https:\/\/schema.org","@graph":[{"@type":"WebPage","@id":"https:\/\/satuaasintalli.fi\/index.php\/tuote\/lasinalunen\/","url":"https:\/\/satuaasintalli.fi\/index.php\/tuote\/lasinalunen\/","name":"Lasinalunen (4 kpl setti) - SatuAasin talli","isPartOf":{"@id":"https:\/\/satuaasintalli.fi\/#website"},"primaryImageOfPage":{"@id":"https:\/\/satuaasintalli.fi\/index.php\/tuote\/lasinalunen\/#primaryimage"},"image":{"@id":"https:\/\/satuaasintalli.fi\/index.php\/tuote\/lasinalunen\/#primaryimage"},"thumbnailUrl":"https:\/\/satuaasintalli.fi\/wp-content\/uploads\/2025\/11\/Lasinaluset.jpg","datePublished":"2025-11-26T19:43:42+00:00","dateModified":"2025-11-26T19:44:29+00:00","description":"K\u00e4sin virkatut aasinh\u00e4nt\u00e4iset lasin\/LED-kynttil\u00e4n aluset, jotka on tehnyt k\u00e4sity\u00f6n\u00e4 SatuAasin tallin pit\u00e4j\u00e4 Satu itse. Myyd\u00e4\u00e4n yksil\u00f6llisin\u00e4 settein\u00e4.","breadcrumb":{"@id":"https:\/\/satuaasintalli.fi\/index.php\/tuote\/lasinalunen\/#breadcrumb"},"inLanguage":"fi","potentialAction":[{"@type":"ReadAction","target":["https:\/\/satuaasintalli.fi\/index.php\/tuote\/lasinalunen\/"]}]},{"@type":"ImageObject","inLanguage":"fi","@id":"https:\/\/satuaasintalli.fi\/index.php\/tuote\/lasinalunen\/#primaryimage","url":"https:\/\/satuaasintalli.fi\/wp-content\/uploads\/2025\/11\/Lasinaluset.jpg","contentUrl":"https:\/\/satuaasintalli.fi\/wp-content\/uploads\/2025\/11\/Lasinaluset.jpg","width":300,"height":400},{"@type":"BreadcrumbList","@id":"https:\/\/satuaasintalli.fi\/index.php\/tuote\/lasinalunen\/#breadcrumb","itemListElement":[{"@type":"ListItem","position":1,"name":"Home","item":"https:\/\/satuaasintalli.fi\/"},{"@type":"ListItem","position":2,"name":"Tervetuloa SatuAasien kauppaan!","item":"https:\/\/satuaasintalli.fi\/index.php\/kauppa\/"},{"@type":"ListItem","position":3,"name":"Lasinalunen (4 kpl setti)"}]},{"@type":"WebSite","@id":"https:\/\/satuaasintalli.fi\/#website","url":"https:\/\/satuaasintalli.fi\/","name":"SatuAasin talli","description":"SatuAasin tallin kotisivut ja verkkokauppa","publisher":{"@id":"https:\/\/satuaasintalli.fi\/#organization"},"potentialAction":[{"@type":"SearchAction","target":{"@type":"EntryPoint","urlTemplate":"https:\/\/satuaasintalli.fi\/?s={search_term_string}"},"query-input":{"@type":"PropertyValueSpecification","valueRequired":true,"valueName":"search_term_string"}}],"inLanguage":"fi"},{"@type":"Organization","@id":"https:\/\/satuaasintalli.fi\/#organization","name":"SatuAasin talli","url":"https:\/\/satuaasintalli.fi\/","logo":{"@type":"ImageObject","inLanguage":"fi","@id":"https:\/\/satuaasintalli.fi\/#\/schema\/logo\/image\/","url":"https:\/\/satuaasintalli.fi\/wp-content\/uploads\/2022\/03\/SatuAasin-talli-logo.png","contentUrl":"https:\/\/satuaasintalli.fi\/wp-content\/uploads\/2022\/03\/SatuAasin-talli-logo.png","width":500,"height":523,"caption":"SatuAasin talli"},"image":{"@id":"https:\/\/satuaasintalli.fi\/#\/schema\/logo\/image\/"},"sameAs":["https:\/\/www.facebook.com\/hevostoimintavalkas\/","https:\/\/www.instagram.com\/satuaasintalli\/?hl=fi"]}]}},"wcpa_form_fields":null,"_links":{"self":[{"href":"https:\/\/satuaasintalli.fi\/index.php\/wp-json\/wp\/v2\/product\/3821","targetHints":{"allow":["GET"]}}],"collection":[{"href":"https:\/\/satuaasintalli.fi\/index.php\/wp-json\/wp\/v2\/product"}],"about":[{"href":"https:\/\/satuaasintalli.fi\/index.php\/wp-json\/wp\/v2\/types\/product"}],"replies":[{"embeddable":true,"href":"https:\/\/satuaasintalli.fi\/index.php\/wp-json\/wp\/v2\/comments?post=3821"}],"version-history":[{"count":2,"href":"https:\/\/satuaasintalli.fi\/index.php\/wp-json\/wp\/v2\/product\/3821\/revisions"}],"predecessor-version":[{"id":3827,"href":"https:\/\/satuaasintalli.fi\/index.php\/wp-json\/wp\/v2\/product\/3821\/revisions\/3827"}],"wp:featuredmedia":[{"embeddable":true,"href":"https:\/\/satuaasintalli.fi\/index.php\/wp-json\/wp\/v2\/media\/3824"}],"wp:attachment":[{"href":"https:\/\/satuaasintalli.fi\/index.php\/wp-json\/wp\/v2\/media?parent=3821"}],"wp:term":[{"taxonomy":"product_brand","embeddable":true,"href":"https:\/\/satuaasintalli.fi\/index.php\/wp-json\/wp\/v2\/product_brand?post=3821"},{"taxonomy":"product_cat","embeddable":true,"href":"https:\/\/satuaasintalli.fi\/index.php\/wp-json\/wp\/v2\/product_cat?post=3821"},{"taxonomy":"product_tag","embeddable":true,"href":"https:\/\/satuaasintalli.fi\/index.php\/wp-json\/wp\/v2\/product_tag?post=3821"}],"curies":[{"name":"wp","href":"https:\/\/api.w.org\/{rel}","templated":true}]}}