{"id":3475,"date":"2025-06-22T20:28:22","date_gmt":"2025-06-22T18:28:22","guid":{"rendered":"https:\/\/satuaasintalli.fi\/?post_type=product&#038;p=3475"},"modified":"2026-04-29T19:54:13","modified_gmt":"2026-04-29T17:54:13","slug":"tallin-taika","status":"publish","type":"product","link":"https:\/\/satuaasintalli.fi\/index.php\/tuote\/tallin-taika\/","title":{"rendered":"Tallin taika &#8211; k\u00e4yt\u00e4nn\u00f6n harjoituksia el\u00e4inavusteiseen ty\u00f6skentelyyn"},"content":{"rendered":"<p><span style=\"font-weight: 400;\">T\u00e4m\u00e4 kirja on k\u00e4yt\u00e4nn\u00f6nl\u00e4heinen opas el\u00e4inavusteiseen ty\u00f6skentelyyn ja se sis\u00e4lt\u00e4\u00e4 teht\u00e4vi\u00e4, jotka on koottu tallin arjesta ja syd\u00e4mest\u00e4. Se syntyi toiveesta saada k\u00e4sikirja, joka ei j\u00e4\u00e4 teoriaan, vaan astuu suoraan kohtaamisiin niin karsinassa, kent\u00e4ll\u00e4 kuin mets\u00e4polullakin. Kirjan harjoitukset ovat syntyneet aidoista tilanteista, asiakkaiden kanssa koetuista hetkist\u00e4, ja niit\u00e4 voi soveltaa monenlaiseen el\u00e4inavusteiseen ty\u00f6h\u00f6n. Tarkoituksena on rohkaista kokeilemaan, oivaltamaan ja luottamaan omaan tekemiseen. Olit sitten aloitteleva toimija tai kokenut ammattilainen, l\u00f6yd\u00e4t t\u00e4st\u00e4 kirjasta teht\u00e4vi\u00e4, jotka puhuttelevat sek\u00e4 sinua ett\u00e4 asiakkaitasi.<\/span><\/p>\n<p>Kirjan ovat kirjoittaneet SatuAasin tallin Satu Valkas ja AiKa-tallin Aila Kajander. Heill\u00e4 on yhdess\u00e4 moniammatillista kokemusta hevosavusteisen ty\u00f6skentelyn k\u00e4yt\u00f6st\u00e4 sek\u00e4 harrastus-, el\u00e4mys- ett\u00e4 kuntoutuspalveluissa.<\/p>\n<p>Lukijapalautteita:<\/p>\n<blockquote><p>&#8221;Tykk\u00e4sin erityisesti siit\u00e4, ett\u00e4 ohjeet olivat selke\u00e4t ja niiss\u00e4 oli luokiteltuna mihin osa-alueisiin teht\u00e4vill\u00e4 vaikutetaan. Video-ohjeet lis\u00e4siv\u00e4t selkeytt\u00e4 entisest\u00e4\u00e4n ja nopeilla qr-koodeilla oli helppo menn\u00e4 katsomaan ohjevideo.&#8221;<\/p>\n<p>&#8221;T\u00e4m\u00e4 kirja j\u00e4\u00e4 varmasti k\u00e4ytt\u00f6\u00f6ni tulevaisuuden ty\u00f6ss\u00e4ni!&#8221;<\/p>\n<p>&#8221;Erinomainen kirja, k\u00e4yt\u00e4nn\u00f6nl\u00e4heinen, oikeasti k\u00e4ytt\u00f6kelpoinen hevosavusteisessa ty\u00f6ss\u00e4, visuaalisesti hieno ja laadukkaasti tehty. Tekij\u00f6iden ammattitaito n\u00e4kyy kirjassa.&#8221;<\/p>\n<p>&#8221;T\u00e4m\u00e4 kirja oli ihastuttava.&#8221;<\/p><\/blockquote>\n<p>Kirja toimitetaan postitse (postimaksu 5,90 \u20ac) tai sen voi hakea erikseen sovittuna aikana SatuAasin tallilta Lopelta tai AiKa-tallilta Sipoosta. Valitse kassalla sinulle sopiva toimitustapa (noudoksi valitse SatuAasin talli ja kirjoita lis\u00e4tietoihin, jos haetkin kirjan AiKa-tallilta).<\/p>\n<p>HUOM! T\u00e4h\u00e4n tuotteeseen voi k\u00e4ytt\u00e4\u00e4 vain siihen erityisesti kohdennetut alennuskoodit, muut alekoodit eiv\u00e4t k\u00e4y!<\/p>\n","protected":false},"excerpt":{"rendered":"<p><span style=\"font-weight: 400;\">T\u00e4m\u00e4 kirja on k\u00e4yt\u00e4nn\u00f6nl\u00e4heinen opas el\u00e4inavusteiseen ty\u00f6skentelyyn ja se sis\u00e4lt\u00e4\u00e4 teht\u00e4vi\u00e4, jotka on koottu tallin arjesta ja syd\u00e4mest\u00e4. Se syntyi toiveesta saada k\u00e4sikirja, joka ei j\u00e4\u00e4 teoriaan, vaan astuu suoraan kohtaamisiin niin karsinassa, kent\u00e4ll\u00e4 kuin mets\u00e4polullakin. Kirjan harjoitukset ovat syntyneet aidoista tilanteista, asiakkaiden kanssa koetuista hetkist\u00e4, ja niit\u00e4 voi soveltaa monenlaiseen el\u00e4inavusteiseen ty\u00f6h\u00f6n. Tarkoituksena on rohkaista kokeilemaan, oivaltamaan ja luottamaan omaan tekemiseen. Olit sitten aloitteleva toimija tai kokenut ammattilainen, l\u00f6yd\u00e4t t\u00e4st\u00e4 kirjasta teht\u00e4vi\u00e4, jotka puhuttelevat sek\u00e4 sinua ett\u00e4 asiakkaitasi.<\/span><\/p>\n<p>Kirjan ovat kirjoittaneet SatuAasin tallin Satu Valkas ja AiKa-tallin Aila Kajander. Heill\u00e4 on yhdess\u00e4 moniammatillista kokemusta hevosavusteisen ty\u00f6skentelyn k\u00e4yt\u00f6st\u00e4 sek\u00e4 harrastus-, el\u00e4mys- ett\u00e4 kuntoutuspalveluissa.<\/p>\n<p>Kirja toimitetaan postitse (postimaksu 5,90 \u20ac) tai sen voi hakea erikseen sovittuna aikana SatuAasin tallilta Lopelta tai AiKa-tallilta Sipoosta. Valitse kassalla sinulle sopiva toimitustapa (noudoksi valitse SatuAasin talli ja kirjoita lis\u00e4tietoihin, jos haetkin kirjan AiKa-tallilta).<\/p>\n<p>&nbsp;<\/p>\n","protected":false},"featured_media":3477,"comment_status":"open","ping_status":"closed","template":"","meta":[],"product_brand":[],"product_cat":[26],"product_tag":[34,124,119,118,120],"class_list":{"0":"post-3475","1":"product","2":"type-product","3":"status-publish","4":"has-post-thumbnail","6":"product_cat-kirjat","7":"product_tag-elainavusteinen-tyo","8":"product_tag-green-care","9":"product_tag-hevosavusteinen-tyo","10":"product_tag-kirja","11":"product_tag-menetelmaopas","13":"first","14":"instock","15":"taxable","16":"shipping-taxable","17":"purchasable","18":"product-type-simple"},"yoast_head":"<!-- This site is optimized with the Yoast SEO plugin v27.5 - https:\/\/yoast.com\/product\/yoast-seo-wordpress\/ -->\n<title>Tallin taika - k\u00e4yt\u00e4nn\u00f6n harjoituksia el\u00e4inavusteiseen ty\u00f6skentelyyn - SatuAasin talli<\/title>\n<meta name=\"description\" content=\"Tallin taika on k\u00e4yt\u00e4nn\u00f6nl\u00e4heinen opas el\u00e4inavusteiseen ty\u00f6skentelyyn. Se sis\u00e4lt\u00e4\u00e4 teht\u00e4vi\u00e4, jotka on koottu tallin arjesta ja syd\u00e4mest\u00e4.\" \/>\n<meta name=\"robots\" content=\"index, follow, max-snippet:-1, max-image-preview:large, max-video-preview:-1\" \/>\n<link rel=\"canonical\" href=\"https:\/\/satuaasintalli.fi\/index.php\/tuote\/tallin-taika\/\" \/>\n<meta property=\"og:locale\" content=\"fi_FI\" \/>\n<meta property=\"og:type\" content=\"article\" \/>\n<meta property=\"og:title\" content=\"Tallin taika - k\u00e4yt\u00e4nn\u00f6n harjoituksia el\u00e4inavusteiseen ty\u00f6skentelyyn - SatuAasin talli\" \/>\n<meta property=\"og:description\" content=\"Tallin taika on k\u00e4yt\u00e4nn\u00f6nl\u00e4heinen opas el\u00e4inavusteiseen ty\u00f6skentelyyn. Se sis\u00e4lt\u00e4\u00e4 teht\u00e4vi\u00e4, jotka on koottu tallin arjesta ja syd\u00e4mest\u00e4.\" \/>\n<meta property=\"og:url\" content=\"https:\/\/satuaasintalli.fi\/index.php\/tuote\/tallin-taika\/\" \/>\n<meta property=\"og:site_name\" content=\"SatuAasin talli\" \/>\n<meta property=\"article:publisher\" content=\"https:\/\/www.facebook.com\/hevostoimintavalkas\/\" \/>\n<meta property=\"article:modified_time\" content=\"2026-04-29T17:54:13+00:00\" \/>\n<meta property=\"og:image\" content=\"https:\/\/satuaasintalli.fi\/wp-content\/uploads\/2025\/06\/Tallin_taika_kansi-pieni.jpg\" \/>\n\t<meta property=\"og:image:width\" content=\"327\" \/>\n\t<meta property=\"og:image:height\" content=\"400\" \/>\n\t<meta property=\"og:image:type\" content=\"image\/jpeg\" \/>\n<meta name=\"twitter:card\" content=\"summary_large_image\" \/>\n<meta name=\"twitter:label1\" content=\"Arvioitu lukuaika\" \/>\n\t<meta name=\"twitter:data1\" content=\"2 minuuttia\" \/>\n<script type=\"application\/ld+json\" class=\"yoast-schema-graph\">{\"@context\":\"https:\\\/\\\/schema.org\",\"@graph\":[{\"@type\":\"WebPage\",\"@id\":\"https:\\\/\\\/satuaasintalli.fi\\\/index.php\\\/tuote\\\/tallin-taika\\\/\",\"url\":\"https:\\\/\\\/satuaasintalli.fi\\\/index.php\\\/tuote\\\/tallin-taika\\\/\",\"name\":\"Tallin taika - k\u00e4yt\u00e4nn\u00f6n harjoituksia el\u00e4inavusteiseen ty\u00f6skentelyyn - SatuAasin talli\",\"isPartOf\":{\"@id\":\"https:\\\/\\\/satuaasintalli.fi\\\/#website\"},\"primaryImageOfPage\":{\"@id\":\"https:\\\/\\\/satuaasintalli.fi\\\/index.php\\\/tuote\\\/tallin-taika\\\/#primaryimage\"},\"image\":{\"@id\":\"https:\\\/\\\/satuaasintalli.fi\\\/index.php\\\/tuote\\\/tallin-taika\\\/#primaryimage\"},\"thumbnailUrl\":\"https:\\\/\\\/satuaasintalli.fi\\\/wp-content\\\/uploads\\\/2025\\\/06\\\/Tallin_taika_kansi-pieni.jpg\",\"datePublished\":\"2025-06-22T18:28:22+00:00\",\"dateModified\":\"2026-04-29T17:54:13+00:00\",\"description\":\"Tallin taika on k\u00e4yt\u00e4nn\u00f6nl\u00e4heinen opas el\u00e4inavusteiseen ty\u00f6skentelyyn. Se sis\u00e4lt\u00e4\u00e4 teht\u00e4vi\u00e4, jotka on koottu tallin arjesta ja syd\u00e4mest\u00e4.\",\"breadcrumb\":{\"@id\":\"https:\\\/\\\/satuaasintalli.fi\\\/index.php\\\/tuote\\\/tallin-taika\\\/#breadcrumb\"},\"inLanguage\":\"fi\",\"potentialAction\":[{\"@type\":\"ReadAction\",\"target\":[\"https:\\\/\\\/satuaasintalli.fi\\\/index.php\\\/tuote\\\/tallin-taika\\\/\"]}]},{\"@type\":\"ImageObject\",\"inLanguage\":\"fi\",\"@id\":\"https:\\\/\\\/satuaasintalli.fi\\\/index.php\\\/tuote\\\/tallin-taika\\\/#primaryimage\",\"url\":\"https:\\\/\\\/satuaasintalli.fi\\\/wp-content\\\/uploads\\\/2025\\\/06\\\/Tallin_taika_kansi-pieni.jpg\",\"contentUrl\":\"https:\\\/\\\/satuaasintalli.fi\\\/wp-content\\\/uploads\\\/2025\\\/06\\\/Tallin_taika_kansi-pieni.jpg\",\"width\":327,\"height\":400,\"caption\":\"Tallin taika - kirjan etukansi, kuvassa tyt\u00f6ist\u00e4 osa ratsastaa ja osa on maassa hevosen v\u00e4liss\u00e4\"},{\"@type\":\"BreadcrumbList\",\"@id\":\"https:\\\/\\\/satuaasintalli.fi\\\/index.php\\\/tuote\\\/tallin-taika\\\/#breadcrumb\",\"itemListElement\":[{\"@type\":\"ListItem\",\"position\":1,\"name\":\"Home\",\"item\":\"https:\\\/\\\/satuaasintalli.fi\\\/\"},{\"@type\":\"ListItem\",\"position\":2,\"name\":\"Tervetuloa SatuAasien kauppaan!\",\"item\":\"https:\\\/\\\/satuaasintalli.fi\\\/index.php\\\/kauppa\\\/\"},{\"@type\":\"ListItem\",\"position\":3,\"name\":\"Tallin taika &#8211; k\u00e4yt\u00e4nn\u00f6n harjoituksia el\u00e4inavusteiseen ty\u00f6skentelyyn\"}]},{\"@type\":\"WebSite\",\"@id\":\"https:\\\/\\\/satuaasintalli.fi\\\/#website\",\"url\":\"https:\\\/\\\/satuaasintalli.fi\\\/\",\"name\":\"SatuAasin talli\",\"description\":\"SatuAasin tallin kotisivut ja verkkokauppa\",\"publisher\":{\"@id\":\"https:\\\/\\\/satuaasintalli.fi\\\/#organization\"},\"potentialAction\":[{\"@type\":\"SearchAction\",\"target\":{\"@type\":\"EntryPoint\",\"urlTemplate\":\"https:\\\/\\\/satuaasintalli.fi\\\/?s={search_term_string}\"},\"query-input\":{\"@type\":\"PropertyValueSpecification\",\"valueRequired\":true,\"valueName\":\"search_term_string\"}}],\"inLanguage\":\"fi\"},{\"@type\":\"Organization\",\"@id\":\"https:\\\/\\\/satuaasintalli.fi\\\/#organization\",\"name\":\"SatuAasin talli\",\"url\":\"https:\\\/\\\/satuaasintalli.fi\\\/\",\"logo\":{\"@type\":\"ImageObject\",\"inLanguage\":\"fi\",\"@id\":\"https:\\\/\\\/satuaasintalli.fi\\\/#\\\/schema\\\/logo\\\/image\\\/\",\"url\":\"https:\\\/\\\/satuaasintalli.fi\\\/wp-content\\\/uploads\\\/2022\\\/03\\\/SatuAasin-talli-logo.png\",\"contentUrl\":\"https:\\\/\\\/satuaasintalli.fi\\\/wp-content\\\/uploads\\\/2022\\\/03\\\/SatuAasin-talli-logo.png\",\"width\":500,\"height\":523,\"caption\":\"SatuAasin talli\"},\"image\":{\"@id\":\"https:\\\/\\\/satuaasintalli.fi\\\/#\\\/schema\\\/logo\\\/image\\\/\"},\"sameAs\":[\"https:\\\/\\\/www.facebook.com\\\/hevostoimintavalkas\\\/\",\"https:\\\/\\\/www.instagram.com\\\/satuaasintalli\\\/?hl=fi\"]}]}<\/script>\n<!-- \/ Yoast SEO plugin. -->","yoast_head_json":{"title":"Tallin taika - k\u00e4yt\u00e4nn\u00f6n harjoituksia el\u00e4inavusteiseen ty\u00f6skentelyyn - SatuAasin talli","description":"Tallin taika on k\u00e4yt\u00e4nn\u00f6nl\u00e4heinen opas el\u00e4inavusteiseen ty\u00f6skentelyyn. Se sis\u00e4lt\u00e4\u00e4 teht\u00e4vi\u00e4, jotka on koottu tallin arjesta ja syd\u00e4mest\u00e4.","robots":{"index":"index","follow":"follow","max-snippet":"max-snippet:-1","max-image-preview":"max-image-preview:large","max-video-preview":"max-video-preview:-1"},"canonical":"https:\/\/satuaasintalli.fi\/index.php\/tuote\/tallin-taika\/","og_locale":"fi_FI","og_type":"article","og_title":"Tallin taika - k\u00e4yt\u00e4nn\u00f6n harjoituksia el\u00e4inavusteiseen ty\u00f6skentelyyn - SatuAasin talli","og_description":"Tallin taika on k\u00e4yt\u00e4nn\u00f6nl\u00e4heinen opas el\u00e4inavusteiseen ty\u00f6skentelyyn. Se sis\u00e4lt\u00e4\u00e4 teht\u00e4vi\u00e4, jotka on koottu tallin arjesta ja syd\u00e4mest\u00e4.","og_url":"https:\/\/satuaasintalli.fi\/index.php\/tuote\/tallin-taika\/","og_site_name":"SatuAasin talli","article_publisher":"https:\/\/www.facebook.com\/hevostoimintavalkas\/","article_modified_time":"2026-04-29T17:54:13+00:00","og_image":[{"width":327,"height":400,"url":"https:\/\/satuaasintalli.fi\/wp-content\/uploads\/2025\/06\/Tallin_taika_kansi-pieni.jpg","type":"image\/jpeg"}],"twitter_card":"summary_large_image","twitter_misc":{"Arvioitu lukuaika":"2 minuuttia"},"schema":{"@context":"https:\/\/schema.org","@graph":[{"@type":"WebPage","@id":"https:\/\/satuaasintalli.fi\/index.php\/tuote\/tallin-taika\/","url":"https:\/\/satuaasintalli.fi\/index.php\/tuote\/tallin-taika\/","name":"Tallin taika - k\u00e4yt\u00e4nn\u00f6n harjoituksia el\u00e4inavusteiseen ty\u00f6skentelyyn - SatuAasin talli","isPartOf":{"@id":"https:\/\/satuaasintalli.fi\/#website"},"primaryImageOfPage":{"@id":"https:\/\/satuaasintalli.fi\/index.php\/tuote\/tallin-taika\/#primaryimage"},"image":{"@id":"https:\/\/satuaasintalli.fi\/index.php\/tuote\/tallin-taika\/#primaryimage"},"thumbnailUrl":"https:\/\/satuaasintalli.fi\/wp-content\/uploads\/2025\/06\/Tallin_taika_kansi-pieni.jpg","datePublished":"2025-06-22T18:28:22+00:00","dateModified":"2026-04-29T17:54:13+00:00","description":"Tallin taika on k\u00e4yt\u00e4nn\u00f6nl\u00e4heinen opas el\u00e4inavusteiseen ty\u00f6skentelyyn. Se sis\u00e4lt\u00e4\u00e4 teht\u00e4vi\u00e4, jotka on koottu tallin arjesta ja syd\u00e4mest\u00e4.","breadcrumb":{"@id":"https:\/\/satuaasintalli.fi\/index.php\/tuote\/tallin-taika\/#breadcrumb"},"inLanguage":"fi","potentialAction":[{"@type":"ReadAction","target":["https:\/\/satuaasintalli.fi\/index.php\/tuote\/tallin-taika\/"]}]},{"@type":"ImageObject","inLanguage":"fi","@id":"https:\/\/satuaasintalli.fi\/index.php\/tuote\/tallin-taika\/#primaryimage","url":"https:\/\/satuaasintalli.fi\/wp-content\/uploads\/2025\/06\/Tallin_taika_kansi-pieni.jpg","contentUrl":"https:\/\/satuaasintalli.fi\/wp-content\/uploads\/2025\/06\/Tallin_taika_kansi-pieni.jpg","width":327,"height":400,"caption":"Tallin taika - kirjan etukansi, kuvassa tyt\u00f6ist\u00e4 osa ratsastaa ja osa on maassa hevosen v\u00e4liss\u00e4"},{"@type":"BreadcrumbList","@id":"https:\/\/satuaasintalli.fi\/index.php\/tuote\/tallin-taika\/#breadcrumb","itemListElement":[{"@type":"ListItem","position":1,"name":"Home","item":"https:\/\/satuaasintalli.fi\/"},{"@type":"ListItem","position":2,"name":"Tervetuloa SatuAasien kauppaan!","item":"https:\/\/satuaasintalli.fi\/index.php\/kauppa\/"},{"@type":"ListItem","position":3,"name":"Tallin taika &#8211; k\u00e4yt\u00e4nn\u00f6n harjoituksia el\u00e4inavusteiseen ty\u00f6skentelyyn"}]},{"@type":"WebSite","@id":"https:\/\/satuaasintalli.fi\/#website","url":"https:\/\/satuaasintalli.fi\/","name":"SatuAasin talli","description":"SatuAasin tallin kotisivut ja verkkokauppa","publisher":{"@id":"https:\/\/satuaasintalli.fi\/#organization"},"potentialAction":[{"@type":"SearchAction","target":{"@type":"EntryPoint","urlTemplate":"https:\/\/satuaasintalli.fi\/?s={search_term_string}"},"query-input":{"@type":"PropertyValueSpecification","valueRequired":true,"valueName":"search_term_string"}}],"inLanguage":"fi"},{"@type":"Organization","@id":"https:\/\/satuaasintalli.fi\/#organization","name":"SatuAasin talli","url":"https:\/\/satuaasintalli.fi\/","logo":{"@type":"ImageObject","inLanguage":"fi","@id":"https:\/\/satuaasintalli.fi\/#\/schema\/logo\/image\/","url":"https:\/\/satuaasintalli.fi\/wp-content\/uploads\/2022\/03\/SatuAasin-talli-logo.png","contentUrl":"https:\/\/satuaasintalli.fi\/wp-content\/uploads\/2022\/03\/SatuAasin-talli-logo.png","width":500,"height":523,"caption":"SatuAasin talli"},"image":{"@id":"https:\/\/satuaasintalli.fi\/#\/schema\/logo\/image\/"},"sameAs":["https:\/\/www.facebook.com\/hevostoimintavalkas\/","https:\/\/www.instagram.com\/satuaasintalli\/?hl=fi"]}]}},"wcpa_form_fields":null,"_links":{"self":[{"href":"https:\/\/satuaasintalli.fi\/index.php\/wp-json\/wp\/v2\/product\/3475","targetHints":{"allow":["GET"]}}],"collection":[{"href":"https:\/\/satuaasintalli.fi\/index.php\/wp-json\/wp\/v2\/product"}],"about":[{"href":"https:\/\/satuaasintalli.fi\/index.php\/wp-json\/wp\/v2\/types\/product"}],"replies":[{"embeddable":true,"href":"https:\/\/satuaasintalli.fi\/index.php\/wp-json\/wp\/v2\/comments?post=3475"}],"version-history":[{"count":13,"href":"https:\/\/satuaasintalli.fi\/index.php\/wp-json\/wp\/v2\/product\/3475\/revisions"}],"predecessor-version":[{"id":3935,"href":"https:\/\/satuaasintalli.fi\/index.php\/wp-json\/wp\/v2\/product\/3475\/revisions\/3935"}],"wp:featuredmedia":[{"embeddable":true,"href":"https:\/\/satuaasintalli.fi\/index.php\/wp-json\/wp\/v2\/media\/3477"}],"wp:attachment":[{"href":"https:\/\/satuaasintalli.fi\/index.php\/wp-json\/wp\/v2\/media?parent=3475"}],"wp:term":[{"taxonomy":"product_brand","embeddable":true,"href":"https:\/\/satuaasintalli.fi\/index.php\/wp-json\/wp\/v2\/product_brand?post=3475"},{"taxonomy":"product_cat","embeddable":true,"href":"https:\/\/satuaasintalli.fi\/index.php\/wp-json\/wp\/v2\/product_cat?post=3475"},{"taxonomy":"product_tag","embeddable":true,"href":"https:\/\/satuaasintalli.fi\/index.php\/wp-json\/wp\/v2\/product_tag?post=3475"}],"curies":[{"name":"wp","href":"https:\/\/api.w.org\/{rel}","templated":true}]}}