{"id":2951,"date":"2025-02-25T20:09:59","date_gmt":"2025-02-25T20:09:59","guid":{"rendered":"https:\/\/satuaasintalli.fi\/?post_type=product&#038;p=2951"},"modified":"2025-02-27T12:38:19","modified_gmt":"2025-02-27T12:38:19","slug":"aasimuki-omalla-kuvalla","status":"publish","type":"product","link":"https:\/\/satuaasintalli.fi\/index.php\/tuote\/aasimuki-omalla-kuvalla\/","title":{"rendered":"Aasimuki omalla kuvalla"},"content":{"rendered":"<p>&#8221;I am with an ass!&#8221; lausahdus on kohteliaisuus, sill\u00e4 aasit ovat viisaita ja rauhaa rakastavia. Nyt voit saada t\u00e4m\u00e4n kunniamaininnan personoidulla aasimukilla, johon saat aasin viereen valitsemasi kuvan (ihminen tai el\u00e4in). Valittavana on kaksi mallia, joista toisessa on suloisen aasivarsan piirroskuva ja toisessa aasi n\u00e4ytt\u00e4\u00e4 hauskasti kielt\u00e4.<\/p>\n<p>L\u00e4het\u00e4 haluamasi kuva ohjeen mukaisesti tilauksen yhteydess\u00e4.<\/p>\n<p><strong>Mink\u00e4lainen kuva minun pit\u00e4isi l\u00e4hett\u00e4\u00e4?<\/strong><\/p>\n<p>1) Kuva, miss\u00e4 on koko naama\/ihminen\/el\u00e4in hiuksia\/karvoja my\u00f6den.<\/p>\n<p>2) Hyv\u00e4 valaistus ja edest\u00e4 otettu kuva.<\/p>\n<p>4) V\u00e4lt\u00e4 kuvia, jotka n\u00e4ytt\u00e4v\u00e4t kovin rakeiselta\/huonolaatuiselta.<\/p>\n<p>5) Kirjoita lis\u00e4tietoihin, mink\u00e4 kohdan\/kenet kuvasta haluat painettavaksi. Kaiffarin Leevi hoitaa kuvan rajauksen puolestasi.<\/p>\n<p>&nbsp;<\/p>\n<p>HUOM! Tuote tehd\u00e4\u00e4n juuri sinun persoonallisella kuvalla, jolloin tuotteella ei ole vaihto- tai palautusoikeutta.<\/p>\n<p>&nbsp;<\/p>\n<p>&#8211; Mukin tilavuus 3,25 dl<\/p>\n<p>&#8211; Kaunis kiilt\u00e4v\u00e4 pinnoite<\/p>\n<p>&#8211; Paljastaa kuvat, kun t\u00e4ytet\u00e4\u00e4n kuumalla juomalla<\/p>\n<p>&#8211; Tiskikoneen ja mikroaaltouunin kest\u00e4v\u00e4.<\/p>\n<p>&#8211; HUOM! Tuote tehd\u00e4\u00e4n juuri sinun persoonallisella kuvalla, jolloin tuotteella ei ole vaihto- tai palautusoikeutta.<\/p>\n","protected":false},"excerpt":{"rendered":"<p>&#8221;I am with an ass!&#8221; lausahdus on kohteliaisuus, sill\u00e4 aasit ovat viisaita ja rauhaa rakastavia. Nyt voit saada t\u00e4m\u00e4n kunniamaininnan personoidulla aasimukilla, johon saat aasin viereen valitsemasi kuvan (ihminen tai el\u00e4in).<\/p>\n<p>Valittavana on kaksi mallia, joista toisessa on suloisen aasivarsan piirroskuva ja toisessa aasi n\u00e4ytt\u00e4\u00e4 hauskasti kielt\u00e4. Lue alla olevasta kuvauksesta tarkasti kuvan l\u00e4hett\u00e4miseen liittyv\u00e4t ohjeet.<\/p>\n<p>HUOM! Tuote tehd\u00e4\u00e4n juuri sinun persoonallisella kuvalla, jolloin tuotteella ei ole vaihto- tai palautusoikeutta.<\/p>\n<p>&nbsp;<\/p>\n<p>HUOM! Tuote tehd\u00e4\u00e4n juuri sinun persoonallisella kuvalla, jolloin tuotteella ei ole vaihto- tai palautusoikeutta.<\/p>\n","protected":false},"featured_media":2953,"comment_status":"open","ping_status":"closed","template":"","meta":[],"product_brand":[],"product_cat":[56],"product_tag":[63,66,74],"class_list":{"0":"post-2951","1":"product","2":"type-product","3":"status-publish","4":"has-post-thumbnail","6":"product_cat-mukit","7":"product_tag-aasimuki","8":"product_tag-huumorituote","9":"product_tag-tuote-omalla-kuvalla","10":"wcpa_has_options","12":"first","13":"instock","14":"taxable","15":"shipping-taxable","16":"purchasable","17":"product-type-simple"},"yoast_head":"<!-- This site is optimized with the Yoast SEO plugin v27.4 - https:\/\/yoast.com\/product\/yoast-seo-wordpress\/ -->\n<title>Aasimuki omalla kuvalla - SatuAasin talli<\/title>\n<meta name=\"description\" content=\"&quot;I am with an ass!&quot; lausahdus on kohteliaisuus, aasit ovat viisaita ja rauhaa rakastavia. Hanki personoitu aasimuki, johon saat aasin viereen oman kuvan,\" \/>\n<meta name=\"robots\" content=\"index, follow, max-snippet:-1, max-image-preview:large, max-video-preview:-1\" \/>\n<link rel=\"canonical\" href=\"https:\/\/satuaasintalli.fi\/index.php\/tuote\/aasimuki-omalla-kuvalla\/\" \/>\n<meta property=\"og:locale\" content=\"fi_FI\" \/>\n<meta property=\"og:type\" content=\"article\" \/>\n<meta property=\"og:title\" content=\"Aasimuki omalla kuvalla - SatuAasin talli\" \/>\n<meta property=\"og:description\" content=\"&quot;I am with an ass!&quot; lausahdus on kohteliaisuus, aasit ovat viisaita ja rauhaa rakastavia. Hanki personoitu aasimuki, johon saat aasin viereen oman kuvan,\" \/>\n<meta property=\"og:url\" content=\"https:\/\/satuaasintalli.fi\/index.php\/tuote\/aasimuki-omalla-kuvalla\/\" \/>\n<meta property=\"og:site_name\" content=\"SatuAasin talli\" \/>\n<meta property=\"article:publisher\" content=\"https:\/\/www.facebook.com\/hevostoimintavalkas\/\" \/>\n<meta property=\"article:modified_time\" content=\"2025-02-27T12:38:19+00:00\" \/>\n<meta property=\"og:image\" content=\"https:\/\/satuaasintalli.fi\/wp-content\/uploads\/2025\/02\/Oma-kuva-aasin-viereen-design2.png\" \/>\n\t<meta property=\"og:image:width\" content=\"1414\" \/>\n\t<meta property=\"og:image:height\" content=\"2000\" \/>\n\t<meta property=\"og:image:type\" content=\"image\/png\" \/>\n<meta name=\"twitter:card\" content=\"summary_large_image\" \/>\n<meta name=\"twitter:label1\" content=\"Arvioitu lukuaika\" \/>\n\t<meta name=\"twitter:data1\" content=\"2 minuuttia\" \/>\n<script type=\"application\/ld+json\" class=\"yoast-schema-graph\">{\"@context\":\"https:\\\/\\\/schema.org\",\"@graph\":[{\"@type\":\"WebPage\",\"@id\":\"https:\\\/\\\/satuaasintalli.fi\\\/index.php\\\/tuote\\\/aasimuki-omalla-kuvalla\\\/\",\"url\":\"https:\\\/\\\/satuaasintalli.fi\\\/index.php\\\/tuote\\\/aasimuki-omalla-kuvalla\\\/\",\"name\":\"Aasimuki omalla kuvalla - SatuAasin talli\",\"isPartOf\":{\"@id\":\"https:\\\/\\\/satuaasintalli.fi\\\/#website\"},\"primaryImageOfPage\":{\"@id\":\"https:\\\/\\\/satuaasintalli.fi\\\/index.php\\\/tuote\\\/aasimuki-omalla-kuvalla\\\/#primaryimage\"},\"image\":{\"@id\":\"https:\\\/\\\/satuaasintalli.fi\\\/index.php\\\/tuote\\\/aasimuki-omalla-kuvalla\\\/#primaryimage\"},\"thumbnailUrl\":\"https:\\\/\\\/satuaasintalli.fi\\\/wp-content\\\/uploads\\\/2025\\\/02\\\/Oma-kuva-aasin-viereen-design2.png\",\"datePublished\":\"2025-02-25T20:09:59+00:00\",\"dateModified\":\"2025-02-27T12:38:19+00:00\",\"description\":\"\\\"I am with an ass!\\\" lausahdus on kohteliaisuus, aasit ovat viisaita ja rauhaa rakastavia. Hanki personoitu aasimuki, johon saat aasin viereen oman kuvan,\",\"breadcrumb\":{\"@id\":\"https:\\\/\\\/satuaasintalli.fi\\\/index.php\\\/tuote\\\/aasimuki-omalla-kuvalla\\\/#breadcrumb\"},\"inLanguage\":\"fi\",\"potentialAction\":[{\"@type\":\"ReadAction\",\"target\":[\"https:\\\/\\\/satuaasintalli.fi\\\/index.php\\\/tuote\\\/aasimuki-omalla-kuvalla\\\/\"]}]},{\"@type\":\"ImageObject\",\"inLanguage\":\"fi\",\"@id\":\"https:\\\/\\\/satuaasintalli.fi\\\/index.php\\\/tuote\\\/aasimuki-omalla-kuvalla\\\/#primaryimage\",\"url\":\"https:\\\/\\\/satuaasintalli.fi\\\/wp-content\\\/uploads\\\/2025\\\/02\\\/Oma-kuva-aasin-viereen-design2.png\",\"contentUrl\":\"https:\\\/\\\/satuaasintalli.fi\\\/wp-content\\\/uploads\\\/2025\\\/02\\\/Oma-kuva-aasin-viereen-design2.png\",\"width\":1414,\"height\":2000},{\"@type\":\"BreadcrumbList\",\"@id\":\"https:\\\/\\\/satuaasintalli.fi\\\/index.php\\\/tuote\\\/aasimuki-omalla-kuvalla\\\/#breadcrumb\",\"itemListElement\":[{\"@type\":\"ListItem\",\"position\":1,\"name\":\"Home\",\"item\":\"https:\\\/\\\/satuaasintalli.fi\\\/\"},{\"@type\":\"ListItem\",\"position\":2,\"name\":\"Tervetuloa SatuAasien kauppaan!\",\"item\":\"https:\\\/\\\/satuaasintalli.fi\\\/index.php\\\/kauppa\\\/\"},{\"@type\":\"ListItem\",\"position\":3,\"name\":\"Aasimuki omalla kuvalla\"}]},{\"@type\":\"WebSite\",\"@id\":\"https:\\\/\\\/satuaasintalli.fi\\\/#website\",\"url\":\"https:\\\/\\\/satuaasintalli.fi\\\/\",\"name\":\"SatuAasin talli\",\"description\":\"SatuAasin tallin kotisivut ja verkkokauppa\",\"publisher\":{\"@id\":\"https:\\\/\\\/satuaasintalli.fi\\\/#organization\"},\"potentialAction\":[{\"@type\":\"SearchAction\",\"target\":{\"@type\":\"EntryPoint\",\"urlTemplate\":\"https:\\\/\\\/satuaasintalli.fi\\\/?s={search_term_string}\"},\"query-input\":{\"@type\":\"PropertyValueSpecification\",\"valueRequired\":true,\"valueName\":\"search_term_string\"}}],\"inLanguage\":\"fi\"},{\"@type\":\"Organization\",\"@id\":\"https:\\\/\\\/satuaasintalli.fi\\\/#organization\",\"name\":\"SatuAasin talli\",\"url\":\"https:\\\/\\\/satuaasintalli.fi\\\/\",\"logo\":{\"@type\":\"ImageObject\",\"inLanguage\":\"fi\",\"@id\":\"https:\\\/\\\/satuaasintalli.fi\\\/#\\\/schema\\\/logo\\\/image\\\/\",\"url\":\"https:\\\/\\\/satuaasintalli.fi\\\/wp-content\\\/uploads\\\/2022\\\/03\\\/SatuAasin-talli-logo.png\",\"contentUrl\":\"https:\\\/\\\/satuaasintalli.fi\\\/wp-content\\\/uploads\\\/2022\\\/03\\\/SatuAasin-talli-logo.png\",\"width\":500,\"height\":523,\"caption\":\"SatuAasin talli\"},\"image\":{\"@id\":\"https:\\\/\\\/satuaasintalli.fi\\\/#\\\/schema\\\/logo\\\/image\\\/\"},\"sameAs\":[\"https:\\\/\\\/www.facebook.com\\\/hevostoimintavalkas\\\/\",\"https:\\\/\\\/www.instagram.com\\\/satuaasintalli\\\/?hl=fi\"]}]}<\/script>\n<!-- \/ Yoast SEO plugin. -->","yoast_head_json":{"title":"Aasimuki omalla kuvalla - SatuAasin talli","description":"\"I am with an ass!\" lausahdus on kohteliaisuus, aasit ovat viisaita ja rauhaa rakastavia. Hanki personoitu aasimuki, johon saat aasin viereen oman kuvan,","robots":{"index":"index","follow":"follow","max-snippet":"max-snippet:-1","max-image-preview":"max-image-preview:large","max-video-preview":"max-video-preview:-1"},"canonical":"https:\/\/satuaasintalli.fi\/index.php\/tuote\/aasimuki-omalla-kuvalla\/","og_locale":"fi_FI","og_type":"article","og_title":"Aasimuki omalla kuvalla - SatuAasin talli","og_description":"\"I am with an ass!\" lausahdus on kohteliaisuus, aasit ovat viisaita ja rauhaa rakastavia. Hanki personoitu aasimuki, johon saat aasin viereen oman kuvan,","og_url":"https:\/\/satuaasintalli.fi\/index.php\/tuote\/aasimuki-omalla-kuvalla\/","og_site_name":"SatuAasin talli","article_publisher":"https:\/\/www.facebook.com\/hevostoimintavalkas\/","article_modified_time":"2025-02-27T12:38:19+00:00","og_image":[{"width":1414,"height":2000,"url":"https:\/\/satuaasintalli.fi\/wp-content\/uploads\/2025\/02\/Oma-kuva-aasin-viereen-design2.png","type":"image\/png"}],"twitter_card":"summary_large_image","twitter_misc":{"Arvioitu lukuaika":"2 minuuttia"},"schema":{"@context":"https:\/\/schema.org","@graph":[{"@type":"WebPage","@id":"https:\/\/satuaasintalli.fi\/index.php\/tuote\/aasimuki-omalla-kuvalla\/","url":"https:\/\/satuaasintalli.fi\/index.php\/tuote\/aasimuki-omalla-kuvalla\/","name":"Aasimuki omalla kuvalla - SatuAasin talli","isPartOf":{"@id":"https:\/\/satuaasintalli.fi\/#website"},"primaryImageOfPage":{"@id":"https:\/\/satuaasintalli.fi\/index.php\/tuote\/aasimuki-omalla-kuvalla\/#primaryimage"},"image":{"@id":"https:\/\/satuaasintalli.fi\/index.php\/tuote\/aasimuki-omalla-kuvalla\/#primaryimage"},"thumbnailUrl":"https:\/\/satuaasintalli.fi\/wp-content\/uploads\/2025\/02\/Oma-kuva-aasin-viereen-design2.png","datePublished":"2025-02-25T20:09:59+00:00","dateModified":"2025-02-27T12:38:19+00:00","description":"\"I am with an ass!\" lausahdus on kohteliaisuus, aasit ovat viisaita ja rauhaa rakastavia. Hanki personoitu aasimuki, johon saat aasin viereen oman kuvan,","breadcrumb":{"@id":"https:\/\/satuaasintalli.fi\/index.php\/tuote\/aasimuki-omalla-kuvalla\/#breadcrumb"},"inLanguage":"fi","potentialAction":[{"@type":"ReadAction","target":["https:\/\/satuaasintalli.fi\/index.php\/tuote\/aasimuki-omalla-kuvalla\/"]}]},{"@type":"ImageObject","inLanguage":"fi","@id":"https:\/\/satuaasintalli.fi\/index.php\/tuote\/aasimuki-omalla-kuvalla\/#primaryimage","url":"https:\/\/satuaasintalli.fi\/wp-content\/uploads\/2025\/02\/Oma-kuva-aasin-viereen-design2.png","contentUrl":"https:\/\/satuaasintalli.fi\/wp-content\/uploads\/2025\/02\/Oma-kuva-aasin-viereen-design2.png","width":1414,"height":2000},{"@type":"BreadcrumbList","@id":"https:\/\/satuaasintalli.fi\/index.php\/tuote\/aasimuki-omalla-kuvalla\/#breadcrumb","itemListElement":[{"@type":"ListItem","position":1,"name":"Home","item":"https:\/\/satuaasintalli.fi\/"},{"@type":"ListItem","position":2,"name":"Tervetuloa SatuAasien kauppaan!","item":"https:\/\/satuaasintalli.fi\/index.php\/kauppa\/"},{"@type":"ListItem","position":3,"name":"Aasimuki omalla kuvalla"}]},{"@type":"WebSite","@id":"https:\/\/satuaasintalli.fi\/#website","url":"https:\/\/satuaasintalli.fi\/","name":"SatuAasin talli","description":"SatuAasin tallin kotisivut ja verkkokauppa","publisher":{"@id":"https:\/\/satuaasintalli.fi\/#organization"},"potentialAction":[{"@type":"SearchAction","target":{"@type":"EntryPoint","urlTemplate":"https:\/\/satuaasintalli.fi\/?s={search_term_string}"},"query-input":{"@type":"PropertyValueSpecification","valueRequired":true,"valueName":"search_term_string"}}],"inLanguage":"fi"},{"@type":"Organization","@id":"https:\/\/satuaasintalli.fi\/#organization","name":"SatuAasin talli","url":"https:\/\/satuaasintalli.fi\/","logo":{"@type":"ImageObject","inLanguage":"fi","@id":"https:\/\/satuaasintalli.fi\/#\/schema\/logo\/image\/","url":"https:\/\/satuaasintalli.fi\/wp-content\/uploads\/2022\/03\/SatuAasin-talli-logo.png","contentUrl":"https:\/\/satuaasintalli.fi\/wp-content\/uploads\/2022\/03\/SatuAasin-talli-logo.png","width":500,"height":523,"caption":"SatuAasin talli"},"image":{"@id":"https:\/\/satuaasintalli.fi\/#\/schema\/logo\/image\/"},"sameAs":["https:\/\/www.facebook.com\/hevostoimintavalkas\/","https:\/\/www.instagram.com\/satuaasintalli\/?hl=fi"]}]}},"wcpa_form_fields":{"wcpaData":{"product":{"product_price":17,"price_html":"<span class=\"woocommerce-Price-amount amount\"><bdi>17,00&nbsp;<span class=\"woocommerce-Price-currencySymbol\">&euro;<\/span><\/bdi><\/span>","original_product_price":17,"price_including_tax":17,"price_excluding_tax":13.54581699999999955252860672771930694580078125,"product_id":{"parent":2951,"variation":false},"is_variable":false,"stock_status":"instock","stock_quantity":null,"parent_sku":"","product_attributes":{"ei-palautusoikeutta":{"is_variation":false,"values":["Tuote tehd\u00e4\u00e4n juuri sinun persoonallisella kuvalla, jolloin tuotteella ei ole vaihto- tai palautusoikeutta."]},"tilavuus":{"is_variation":false,"values":["Mukin tilavuus 3,25 dl"]},"pesuohjeet":{"is_variation":false,"values":["Tiskikoneen ja mikroaaltouunin kest\u00e4v\u00e4."]}},"custom_fields":[],"is_taxable":true,"product_name":"Aasimuki omalla kuvalla","hasImage":false},"fields":{"sec_167bcd6fe45aa0":{"extra":{"key":"sec_167bcd6fe45aa0","section_id":"sec_167bcd6fe45aa0","name":"Default","status":1,"cl_rule":"show","enableCl":false,"relations":[],"toggle":true,"title_tag":"h3","show_title":false,"showPrice":"default","form_id":2915,"form_rules":{"exclude_from_discount":false,"fee_label":"","disp_hide_options_price":false,"disp_show_section_price":false,"disp_show_field_price":true,"layout_option":"standard","pric_use_as_fee":false,"process_fee_as":"woo_fee"},"layout_option":"standard"},"fields":[[{"active":true,"col":6,"relations":false,"cl_rule":"show","enableCl":false,"price":"","enablePrice":false,"className":"","label_position":"default","desc_position":"default","type":"color-group","required":true,"elementId":"color_group_4095812731","label":"Valitse mukin v\u00e4ri (sis\u00e4osa ja kahva)","name":"color_group_4095812731","disp_type":"squircle","values":[{"label":"Valkoinen","value":"Option - 1","selected":false,"color":"#f4f5f9","tempId":"aco_3434","gt_translate_keys":["label"]},{"label":"Musta","value":"Option - 2","selected":false,"color":"#121213","tempId":"aco_3435","gt_translate_keys":["label"]},{"label":"Sininen","value":"Option - 3","selected":false,"color":"#4a90e2","tempId":"aco_3436","gt_translate_keys":["label"]},{"label":"Keltainen","value":"Option - 4","selected":false,"color":"#ebeb0c","tempId":"aco_4067","gt_translate_keys":["label"]},{"label":"Vaaleanpunainen","value":"Option - 5","selected":false,"color":"#fc6aa7","tempId":"aco_4418","gt_translate_keys":["label"]}],"selection_type":"tick","error":false,"layOut":"col-3","gt_translate_keys":["label"],"price_dependency":false,"cl_dependency":false,"value":""}]]},"sec_267be1fb48a1e6":{"extra":{"key":"sec_267be1fb48a1e6","section_id":"sec_267be1fb48a1e6","name":"Default","status":1,"cl_rule":"show","enableCl":false,"relations":[],"toggle":true,"title_tag":"h3","show_title":false,"showPrice":"default","form_id":2954,"form_rules":{"exclude_from_discount":false,"fee_label":"","disp_hide_options_price":false,"disp_show_section_price":false,"disp_show_field_price":true,"layout_option":"standard","pric_use_as_fee":false,"process_fee_as":"woo_fee"},"layout_option":"standard"},"fields":[[{"active":true,"col":6,"relations":false,"cl_rule":"show","enableCl":false,"price":"","enablePrice":false,"className":"","label_position":"default","desc_position":"default","type":"radio-group","required":true,"elementId":"radio_1322140019","label":"Valitse, kumman kuvan valitset.","name":"radio_1322140019","values":[{"label":"Aasivarsan piirroskuva","value":"Option - 1","selected":false,"tempId":"aco_494","pimage":"https:\/\/satuaasintalli.fi\/wp-content\/uploads\/2025\/02\/Oma-kuva-aasin-viereen-design1.png","pthumb":"https:\/\/satuaasintalli.fi\/wp-content\/uploads\/2025\/02\/Oma-kuva-aasin-viereen-design1-150x150.png","pimage_id":2952,"productImage":{"title":"Oma kuva aasin viereen, design1","caption":"","url":"https:\/\/satuaasintalli.fi\/wp-content\/uploads\/2025\/02\/Oma-kuva-aasin-viereen-design1.png","alt":"Oma kuva aasin viereen, design1","src":"https:\/\/satuaasintalli.fi\/wp-content\/uploads\/2025\/02\/Oma-kuva-aasin-viereen-design1-600x849.png","srcset":"https:\/\/satuaasintalli.fi\/wp-content\/uploads\/2025\/02\/Oma-kuva-aasin-viereen-design1-600x849.png 600w, https:\/\/satuaasintalli.fi\/wp-content\/uploads\/2025\/02\/Oma-kuva-aasin-viereen-design1-212x300.png 212w, https:\/\/satuaasintalli.fi\/wp-content\/uploads\/2025\/02\/Oma-kuva-aasin-viereen-design1-724x1024.png 724w, https:\/\/satuaasintalli.fi\/wp-content\/uploads\/2025\/02\/Oma-kuva-aasin-viereen-design1-768x1086.png 768w, https:\/\/satuaasintalli.fi\/wp-content\/uploads\/2025\/02\/Oma-kuva-aasin-viereen-design1-1086x1536.png 1086w, https:\/\/satuaasintalli.fi\/wp-content\/uploads\/2025\/02\/Oma-kuva-aasin-viereen-design1-1200x1697.png 1200w, https:\/\/satuaasintalli.fi\/wp-content\/uploads\/2025\/02\/Oma-kuva-aasin-viereen-design1.png 1414w","sizes":"(max-width: 600px) 100vw, 600px","full_src":"https:\/\/satuaasintalli.fi\/wp-content\/uploads\/2025\/02\/Oma-kuva-aasin-viereen-design1.png","full_src_w":1414,"full_src_h":2000,"gallery_thumbnail_src":"https:\/\/satuaasintalli.fi\/wp-content\/uploads\/2025\/02\/Oma-kuva-aasin-viereen-design1-100x100.png","gallery_thumbnail_src_w":100,"gallery_thumbnail_src_h":100,"thumb_src":"https:\/\/satuaasintalli.fi\/wp-content\/uploads\/2025\/02\/Oma-kuva-aasin-viereen-design1-450x450.png","thumb_src_w":450,"thumb_src_h":450,"src_w":600,"src_h":849,"image_id":2952},"gt_translate_keys":["label"]},{"label":"Aasi n\u00e4ytt\u00e4\u00e4 kielt\u00e4","value":"Option - 2","selected":false,"tempId":"aco_495","pimage":"https:\/\/satuaasintalli.fi\/wp-content\/uploads\/2025\/02\/Oma-kuva-aasin-viereen-design2.png","pthumb":"https:\/\/satuaasintalli.fi\/wp-content\/uploads\/2025\/02\/Oma-kuva-aasin-viereen-design2-150x150.png","pimage_id":2953,"productImage":{"title":"Oma kuva aasin viereen, design2","caption":"","url":"https:\/\/satuaasintalli.fi\/wp-content\/uploads\/2025\/02\/Oma-kuva-aasin-viereen-design2.png","alt":"Oma kuva aasin viereen, design2","src":"https:\/\/satuaasintalli.fi\/wp-content\/uploads\/2025\/02\/Oma-kuva-aasin-viereen-design2-600x849.png","srcset":"https:\/\/satuaasintalli.fi\/wp-content\/uploads\/2025\/02\/Oma-kuva-aasin-viereen-design2-600x849.png 600w, https:\/\/satuaasintalli.fi\/wp-content\/uploads\/2025\/02\/Oma-kuva-aasin-viereen-design2-212x300.png 212w, https:\/\/satuaasintalli.fi\/wp-content\/uploads\/2025\/02\/Oma-kuva-aasin-viereen-design2-724x1024.png 724w, https:\/\/satuaasintalli.fi\/wp-content\/uploads\/2025\/02\/Oma-kuva-aasin-viereen-design2-768x1086.png 768w, https:\/\/satuaasintalli.fi\/wp-content\/uploads\/2025\/02\/Oma-kuva-aasin-viereen-design2-1086x1536.png 1086w, https:\/\/satuaasintalli.fi\/wp-content\/uploads\/2025\/02\/Oma-kuva-aasin-viereen-design2-1200x1697.png 1200w, https:\/\/satuaasintalli.fi\/wp-content\/uploads\/2025\/02\/Oma-kuva-aasin-viereen-design2.png 1414w","sizes":"(max-width: 600px) 100vw, 600px","full_src":"https:\/\/satuaasintalli.fi\/wp-content\/uploads\/2025\/02\/Oma-kuva-aasin-viereen-design2.png","full_src_w":1414,"full_src_h":2000,"gallery_thumbnail_src":"https:\/\/satuaasintalli.fi\/wp-content\/uploads\/2025\/02\/Oma-kuva-aasin-viereen-design2-100x100.png","gallery_thumbnail_src_w":100,"gallery_thumbnail_src_h":100,"thumb_src":"https:\/\/satuaasintalli.fi\/wp-content\/uploads\/2025\/02\/Oma-kuva-aasin-viereen-design2-450x450.png","thumb_src_w":450,"thumb_src_h":450,"src_w":600,"src_h":849,"image_id":2953},"gt_translate_keys":["label"]}],"layOut":"","error":false,"checkUi":"","enable_product_image":true,"gt_translate_keys":["label"],"price_dependency":false,"cl_dependency":false,"value":""}],[{"active":true,"col":6,"relations":false,"cl_rule":"show","enableCl":false,"price":"","enablePrice":false,"className":"","label_position":"default","desc_position":"default","type":"file","required":true,"elementId":"file_3282734902","name":"file_3282734902","label":"Lis\u00e4\u00e4 t\u00e4h\u00e4n kuva, jonka haluat tuotteeseen laittaa (jpg, png)- tiedosto.","upload_type":"ajax","uploadSize":500,"file_types":["images","design"],"error":false,"allowedFileTypes":"image\/*,.psd,.pdf,.eps,.ai,.indd,.raw","gt_translate_keys":["label"],"price_dependency":false,"cl_dependency":false,"value":""}],[{"active":true,"col":6,"relations":false,"cl_rule":"show","enableCl":false,"price":"","enablePrice":false,"className":"","label_position":"default","desc_position":"default","type":"text","subtype":"text","required":false,"elementId":"text_3823541835","label":"Kirjoita t\u00e4h\u00e4n, jos sinulla on toiveita esim. kuvan rajauksen suhteen.","name":"text_3823541835","value":"","error":false,"gt_translate_keys":["label","value"],"price_dependency":false,"cl_dependency":false}]]}},"config":{"price_override":"","enable_recaptcha":false,"bind_quantity":false,"quantity_bind_formula":false,"disp_summ_show_option_price":true,"disp_summ_show_product_price":true,"disp_summ_show_total_price":true,"disp_summ_show_fee":false,"disp_summ_show_discount":false,"summary_title":"","options_total_label":"Lis\u00e4valinnat","total_label":"Yhteens\u00e4","options_product_label":"Tuotteen hinta","fee_label":"","discount_label":"Alennus","has_price":true,"has_quantity_formula":false},"mc_unit":1,"tax_rate":1,"tax_rate_real":0.25500000000000000444089209850062616169452667236328125,"discount":{"percentage":0,"fixed":0},"design":{"conf":{"LabelPosition":"above","DescPosition":"above","UploadField":"custom_1","QuantityFieldStyle":"default"},"css":{"LeftLabelWidth":"100px"}},"formulas":[],"lookuptables":[],"clones":false,"cartKey":false}},"_links":{"self":[{"href":"https:\/\/satuaasintalli.fi\/index.php\/wp-json\/wp\/v2\/product\/2951","targetHints":{"allow":["GET"]}}],"collection":[{"href":"https:\/\/satuaasintalli.fi\/index.php\/wp-json\/wp\/v2\/product"}],"about":[{"href":"https:\/\/satuaasintalli.fi\/index.php\/wp-json\/wp\/v2\/types\/product"}],"replies":[{"embeddable":true,"href":"https:\/\/satuaasintalli.fi\/index.php\/wp-json\/wp\/v2\/comments?post=2951"}],"version-history":[{"count":7,"href":"https:\/\/satuaasintalli.fi\/index.php\/wp-json\/wp\/v2\/product\/2951\/revisions"}],"predecessor-version":[{"id":3153,"href":"https:\/\/satuaasintalli.fi\/index.php\/wp-json\/wp\/v2\/product\/2951\/revisions\/3153"}],"wp:featuredmedia":[{"embeddable":true,"href":"https:\/\/satuaasintalli.fi\/index.php\/wp-json\/wp\/v2\/media\/2953"}],"wp:attachment":[{"href":"https:\/\/satuaasintalli.fi\/index.php\/wp-json\/wp\/v2\/media?parent=2951"}],"wp:term":[{"taxonomy":"product_brand","embeddable":true,"href":"https:\/\/satuaasintalli.fi\/index.php\/wp-json\/wp\/v2\/product_brand?post=2951"},{"taxonomy":"product_cat","embeddable":true,"href":"https:\/\/satuaasintalli.fi\/index.php\/wp-json\/wp\/v2\/product_cat?post=2951"},{"taxonomy":"product_tag","embeddable":true,"href":"https:\/\/satuaasintalli.fi\/index.php\/wp-json\/wp\/v2\/product_tag?post=2951"}],"curies":[{"name":"wp","href":"https:\/\/api.w.org\/{rel}","templated":true}]}}