{"id":2547,"date":"2024-12-17T14:57:49","date_gmt":"2024-12-17T14:57:49","guid":{"rendered":"https:\/\/satuaasintalli.fi\/?post_type=product&#038;p=2547"},"modified":"2026-01-19T07:56:27","modified_gmt":"2026-01-19T05:56:27","slug":"pakopeli-nalkakiukku","status":"publish","type":"product","link":"https:\/\/satuaasintalli.fi\/index.php\/tuote\/pakopeli-nalkakiukku\/","title":{"rendered":"Pakopeli N\u00e4lk\u00e4kiukku"},"content":{"rendered":"<p>Pelasta aasit n\u00e4lk\u00e4kiukulta l\u00f6yt\u00e4m\u00e4ll\u00e4 kadonnut rehuhuoneen avain. Avaimen j\u00e4ljille p\u00e4\u00e4sette etsim\u00e4ll\u00e4 ja ratkaisemalla kaikki kohtaamanne vihjeet ja arvoitukset. Siin\u00e4 onnistuminen vaatii teilt\u00e4 yhteisty\u00f6t\u00e4 ja tarkkaa havainnointikyky\u00e4. Pelin aikana p\u00e4\u00e4sette halutessanne l\u00e4heisiin tekemisiin tallin aasien kanssa, mutta pelin voi pelata my\u00f6s ilman aasien osallistumista.<\/p>\n<p>Pelin aikana p\u00e4\u00e4sette<\/p>\n<p>&#8211; tutustumaan tallin tiloihin<\/p>\n<p>&#8211; halutessa harjailemaan ja rapsuttelemaan aaseja<\/p>\n<p>&#8211; etsim\u00e4\u00e4n ja ratkomaan peliin liittyvi\u00e4 vihjeit\u00e4<\/p>\n<p>&#8211; ruokkimaan aasit, jos saatte pelin arvoituksen ratkaistua.<\/p>\n<p>Peliaika on yleens\u00e4 noin 1,5 tuntia. Aiempaa kokemusta pakohuoneista tai pakopeleist\u00e4 ei tarvita. Matkassanne on koko ajan talliopas, jolta saa vihjeit\u00e4 teht\u00e4vien ratkaisun helpottamiseksi. Talliopas my\u00f6s auttaa aasien kanssa toimimisessa. Pelin aikana teit\u00e4 ei suljeta tiettyyn tilaan, vaan saamanne kartta osoittaa teille pelialueen.<\/p>\n<p>Valittavissa on pelist\u00e4 aikuisten ja lasten versiot. Peli toimii parhaiten enint\u00e4\u00e4n noin 6-7 henkil\u00f6ll\u00e4. Isommille ryhmille voidaan j\u00e4rjest\u00e4\u00e4 kaksi per\u00e4kk\u00e4ist\u00e4 peliaikaa. Peli on pelattavissa ymp\u00e4ri vuoden.<\/p>\n<p>Ilmoita, haluatko pelist\u00e4 aikuisten vai lasten version ja toivomasi pelin toteuttamisen ajankohta (ajankohta vahvistetaan erikseen).<\/p>\n<p>Pakopeli on k\u00e4yt\u00e4v\u00e4 pelaamassa viimeist\u00e4\u00e4n 6 kuukauden kuluessa ostohetkest\u00e4.<\/p>\n","protected":false},"excerpt":{"rendered":"<p>Toimi tiimisi kanssa talliapureina ja l\u00f6yt\u00e4k\u00e4\u00e4 rehuhuoneen kadonnut avain, jotta p\u00e4\u00e4sette ruokkimaan aasit ja est\u00e4m\u00e4\u00e4n niiden n\u00e4lk\u00e4kiukun. Avaimen j\u00e4ljille p\u00e4\u00e4sette etsim\u00e4ll\u00e4 ja ratkaisemalla kaikki kohtaamanne vihjeet ja arvoitukset. Pelin aikana p\u00e4\u00e4sette halutessanne l\u00e4heisiin tekemisiin tallin aasien kanssa, mutta pelin voi pelata my\u00f6s ilman aasien osallistumista. Peliaika on yleens\u00e4 noin 1,5 tuntia. Aiempaa kokemusta pakohuoneista tai pakopeleist\u00e4 ei tarvita.<\/p>\n<p>Ilmoita, haluatko pelist\u00e4 aikuisten vai lasten version ja toivomasi pelin toteuttamisen ajankohta. Mik\u00e4li pelaajia on yli 4, valitse my\u00f6s lis\u00e4henkil\u00f6iden lukum\u00e4\u00e4r\u00e4. Peli toimii parhaiten enint\u00e4\u00e4n noin 6-7 henkil\u00f6ll\u00e4.<\/p>\n<p>&nbsp;<\/p>\n<p>&nbsp;<\/p>\n","protected":false},"featured_media":2548,"comment_status":"open","ping_status":"closed","template":"","meta":[],"product_brand":[],"product_cat":[24],"product_tag":[78,76,77],"class_list":{"0":"post-2547","1":"product","2":"type-product","3":"status-publish","4":"has-post-thumbnail","6":"product_cat-aasiaktiviteetit","7":"product_tag-elamyksellinen-pakopeli","8":"product_tag-pakopeli","9":"product_tag-pakopeli-tallilla","10":"wcpa_has_options","12":"first","13":"instock","14":"virtual","15":"taxable","16":"purchasable","17":"product-type-simple"},"yoast_head":"<!-- This site is optimized with the Yoast SEO plugin v27.5 - https:\/\/yoast.com\/product\/yoast-seo-wordpress\/ -->\n<title>Pakopeli N\u00e4lk\u00e4kiukku - SatuAasin talli<\/title>\n<meta name=\"description\" content=\"Koe erilainen pakopeli aasitallilla! L\u00f6yd\u00e4 vihjeet, ratkaise teht\u00e4v\u00e4t ja saa rehuhuoneen ovi auki, jotta pelastat aasit n\u00e4lk\u00e4kiukulta.\" \/>\n<meta name=\"robots\" content=\"index, follow, max-snippet:-1, max-image-preview:large, max-video-preview:-1\" \/>\n<link rel=\"canonical\" href=\"https:\/\/satuaasintalli.fi\/index.php\/tuote\/pakopeli-nalkakiukku\/\" \/>\n<meta property=\"og:locale\" content=\"fi_FI\" \/>\n<meta property=\"og:type\" content=\"article\" \/>\n<meta property=\"og:title\" content=\"Pakopeli N\u00e4lk\u00e4kiukku - SatuAasin talli\" \/>\n<meta property=\"og:description\" content=\"Koe erilainen pakopeli aasitallilla! L\u00f6yd\u00e4 vihjeet, ratkaise teht\u00e4v\u00e4t ja saa rehuhuoneen ovi auki, jotta pelastat aasit n\u00e4lk\u00e4kiukulta.\" \/>\n<meta property=\"og:url\" content=\"https:\/\/satuaasintalli.fi\/index.php\/tuote\/pakopeli-nalkakiukku\/\" \/>\n<meta property=\"og:site_name\" content=\"SatuAasin talli\" \/>\n<meta property=\"article:publisher\" content=\"https:\/\/www.facebook.com\/hevostoimintavalkas\/\" \/>\n<meta property=\"article:modified_time\" content=\"2026-01-19T05:56:27+00:00\" \/>\n<meta property=\"og:image\" content=\"https:\/\/satuaasintalli.fi\/wp-content\/uploads\/2024\/12\/Pakopeli1.jpg\" \/>\n\t<meta property=\"og:image:width\" content=\"1080\" \/>\n\t<meta property=\"og:image:height\" content=\"1080\" \/>\n\t<meta property=\"og:image:type\" content=\"image\/jpeg\" \/>\n<meta name=\"twitter:card\" content=\"summary_large_image\" \/>\n<meta name=\"twitter:label1\" content=\"Arvioitu lukuaika\" \/>\n\t<meta name=\"twitter:data1\" content=\"2 minuuttia\" \/>\n<script type=\"application\/ld+json\" class=\"yoast-schema-graph\">{\"@context\":\"https:\\\/\\\/schema.org\",\"@graph\":[{\"@type\":\"WebPage\",\"@id\":\"https:\\\/\\\/satuaasintalli.fi\\\/index.php\\\/tuote\\\/pakopeli-nalkakiukku\\\/\",\"url\":\"https:\\\/\\\/satuaasintalli.fi\\\/index.php\\\/tuote\\\/pakopeli-nalkakiukku\\\/\",\"name\":\"Pakopeli N\u00e4lk\u00e4kiukku - SatuAasin talli\",\"isPartOf\":{\"@id\":\"https:\\\/\\\/satuaasintalli.fi\\\/#website\"},\"primaryImageOfPage\":{\"@id\":\"https:\\\/\\\/satuaasintalli.fi\\\/index.php\\\/tuote\\\/pakopeli-nalkakiukku\\\/#primaryimage\"},\"image\":{\"@id\":\"https:\\\/\\\/satuaasintalli.fi\\\/index.php\\\/tuote\\\/pakopeli-nalkakiukku\\\/#primaryimage\"},\"thumbnailUrl\":\"https:\\\/\\\/satuaasintalli.fi\\\/wp-content\\\/uploads\\\/2024\\\/12\\\/Pakopeli1.jpg\",\"datePublished\":\"2024-12-17T14:57:49+00:00\",\"dateModified\":\"2026-01-19T05:56:27+00:00\",\"description\":\"Koe erilainen pakopeli aasitallilla! L\u00f6yd\u00e4 vihjeet, ratkaise teht\u00e4v\u00e4t ja saa rehuhuoneen ovi auki, jotta pelastat aasit n\u00e4lk\u00e4kiukulta.\",\"breadcrumb\":{\"@id\":\"https:\\\/\\\/satuaasintalli.fi\\\/index.php\\\/tuote\\\/pakopeli-nalkakiukku\\\/#breadcrumb\"},\"inLanguage\":\"fi\",\"potentialAction\":[{\"@type\":\"ReadAction\",\"target\":[\"https:\\\/\\\/satuaasintalli.fi\\\/index.php\\\/tuote\\\/pakopeli-nalkakiukku\\\/\"]}]},{\"@type\":\"ImageObject\",\"inLanguage\":\"fi\",\"@id\":\"https:\\\/\\\/satuaasintalli.fi\\\/index.php\\\/tuote\\\/pakopeli-nalkakiukku\\\/#primaryimage\",\"url\":\"https:\\\/\\\/satuaasintalli.fi\\\/wp-content\\\/uploads\\\/2024\\\/12\\\/Pakopeli1.jpg\",\"contentUrl\":\"https:\\\/\\\/satuaasintalli.fi\\\/wp-content\\\/uploads\\\/2024\\\/12\\\/Pakopeli1.jpg\",\"width\":1080,\"height\":1080,\"caption\":\"Pakopeli N\u00e4lk\u00e4kiukku - SatuAasin talli\"},{\"@type\":\"BreadcrumbList\",\"@id\":\"https:\\\/\\\/satuaasintalli.fi\\\/index.php\\\/tuote\\\/pakopeli-nalkakiukku\\\/#breadcrumb\",\"itemListElement\":[{\"@type\":\"ListItem\",\"position\":1,\"name\":\"Home\",\"item\":\"https:\\\/\\\/satuaasintalli.fi\\\/\"},{\"@type\":\"ListItem\",\"position\":2,\"name\":\"Tervetuloa SatuAasien kauppaan!\",\"item\":\"https:\\\/\\\/satuaasintalli.fi\\\/index.php\\\/kauppa\\\/\"},{\"@type\":\"ListItem\",\"position\":3,\"name\":\"Pakopeli N\u00e4lk\u00e4kiukku\"}]},{\"@type\":\"WebSite\",\"@id\":\"https:\\\/\\\/satuaasintalli.fi\\\/#website\",\"url\":\"https:\\\/\\\/satuaasintalli.fi\\\/\",\"name\":\"SatuAasin talli\",\"description\":\"SatuAasin tallin kotisivut ja verkkokauppa\",\"publisher\":{\"@id\":\"https:\\\/\\\/satuaasintalli.fi\\\/#organization\"},\"potentialAction\":[{\"@type\":\"SearchAction\",\"target\":{\"@type\":\"EntryPoint\",\"urlTemplate\":\"https:\\\/\\\/satuaasintalli.fi\\\/?s={search_term_string}\"},\"query-input\":{\"@type\":\"PropertyValueSpecification\",\"valueRequired\":true,\"valueName\":\"search_term_string\"}}],\"inLanguage\":\"fi\"},{\"@type\":\"Organization\",\"@id\":\"https:\\\/\\\/satuaasintalli.fi\\\/#organization\",\"name\":\"SatuAasin talli\",\"url\":\"https:\\\/\\\/satuaasintalli.fi\\\/\",\"logo\":{\"@type\":\"ImageObject\",\"inLanguage\":\"fi\",\"@id\":\"https:\\\/\\\/satuaasintalli.fi\\\/#\\\/schema\\\/logo\\\/image\\\/\",\"url\":\"https:\\\/\\\/satuaasintalli.fi\\\/wp-content\\\/uploads\\\/2022\\\/03\\\/SatuAasin-talli-logo.png\",\"contentUrl\":\"https:\\\/\\\/satuaasintalli.fi\\\/wp-content\\\/uploads\\\/2022\\\/03\\\/SatuAasin-talli-logo.png\",\"width\":500,\"height\":523,\"caption\":\"SatuAasin talli\"},\"image\":{\"@id\":\"https:\\\/\\\/satuaasintalli.fi\\\/#\\\/schema\\\/logo\\\/image\\\/\"},\"sameAs\":[\"https:\\\/\\\/www.facebook.com\\\/hevostoimintavalkas\\\/\",\"https:\\\/\\\/www.instagram.com\\\/satuaasintalli\\\/?hl=fi\"]}]}<\/script>\n<!-- \/ Yoast SEO plugin. -->","yoast_head_json":{"title":"Pakopeli N\u00e4lk\u00e4kiukku - SatuAasin talli","description":"Koe erilainen pakopeli aasitallilla! L\u00f6yd\u00e4 vihjeet, ratkaise teht\u00e4v\u00e4t ja saa rehuhuoneen ovi auki, jotta pelastat aasit n\u00e4lk\u00e4kiukulta.","robots":{"index":"index","follow":"follow","max-snippet":"max-snippet:-1","max-image-preview":"max-image-preview:large","max-video-preview":"max-video-preview:-1"},"canonical":"https:\/\/satuaasintalli.fi\/index.php\/tuote\/pakopeli-nalkakiukku\/","og_locale":"fi_FI","og_type":"article","og_title":"Pakopeli N\u00e4lk\u00e4kiukku - SatuAasin talli","og_description":"Koe erilainen pakopeli aasitallilla! L\u00f6yd\u00e4 vihjeet, ratkaise teht\u00e4v\u00e4t ja saa rehuhuoneen ovi auki, jotta pelastat aasit n\u00e4lk\u00e4kiukulta.","og_url":"https:\/\/satuaasintalli.fi\/index.php\/tuote\/pakopeli-nalkakiukku\/","og_site_name":"SatuAasin talli","article_publisher":"https:\/\/www.facebook.com\/hevostoimintavalkas\/","article_modified_time":"2026-01-19T05:56:27+00:00","og_image":[{"width":1080,"height":1080,"url":"https:\/\/satuaasintalli.fi\/wp-content\/uploads\/2024\/12\/Pakopeli1.jpg","type":"image\/jpeg"}],"twitter_card":"summary_large_image","twitter_misc":{"Arvioitu lukuaika":"2 minuuttia"},"schema":{"@context":"https:\/\/schema.org","@graph":[{"@type":"WebPage","@id":"https:\/\/satuaasintalli.fi\/index.php\/tuote\/pakopeli-nalkakiukku\/","url":"https:\/\/satuaasintalli.fi\/index.php\/tuote\/pakopeli-nalkakiukku\/","name":"Pakopeli N\u00e4lk\u00e4kiukku - SatuAasin talli","isPartOf":{"@id":"https:\/\/satuaasintalli.fi\/#website"},"primaryImageOfPage":{"@id":"https:\/\/satuaasintalli.fi\/index.php\/tuote\/pakopeli-nalkakiukku\/#primaryimage"},"image":{"@id":"https:\/\/satuaasintalli.fi\/index.php\/tuote\/pakopeli-nalkakiukku\/#primaryimage"},"thumbnailUrl":"https:\/\/satuaasintalli.fi\/wp-content\/uploads\/2024\/12\/Pakopeli1.jpg","datePublished":"2024-12-17T14:57:49+00:00","dateModified":"2026-01-19T05:56:27+00:00","description":"Koe erilainen pakopeli aasitallilla! L\u00f6yd\u00e4 vihjeet, ratkaise teht\u00e4v\u00e4t ja saa rehuhuoneen ovi auki, jotta pelastat aasit n\u00e4lk\u00e4kiukulta.","breadcrumb":{"@id":"https:\/\/satuaasintalli.fi\/index.php\/tuote\/pakopeli-nalkakiukku\/#breadcrumb"},"inLanguage":"fi","potentialAction":[{"@type":"ReadAction","target":["https:\/\/satuaasintalli.fi\/index.php\/tuote\/pakopeli-nalkakiukku\/"]}]},{"@type":"ImageObject","inLanguage":"fi","@id":"https:\/\/satuaasintalli.fi\/index.php\/tuote\/pakopeli-nalkakiukku\/#primaryimage","url":"https:\/\/satuaasintalli.fi\/wp-content\/uploads\/2024\/12\/Pakopeli1.jpg","contentUrl":"https:\/\/satuaasintalli.fi\/wp-content\/uploads\/2024\/12\/Pakopeli1.jpg","width":1080,"height":1080,"caption":"Pakopeli N\u00e4lk\u00e4kiukku - SatuAasin talli"},{"@type":"BreadcrumbList","@id":"https:\/\/satuaasintalli.fi\/index.php\/tuote\/pakopeli-nalkakiukku\/#breadcrumb","itemListElement":[{"@type":"ListItem","position":1,"name":"Home","item":"https:\/\/satuaasintalli.fi\/"},{"@type":"ListItem","position":2,"name":"Tervetuloa SatuAasien kauppaan!","item":"https:\/\/satuaasintalli.fi\/index.php\/kauppa\/"},{"@type":"ListItem","position":3,"name":"Pakopeli N\u00e4lk\u00e4kiukku"}]},{"@type":"WebSite","@id":"https:\/\/satuaasintalli.fi\/#website","url":"https:\/\/satuaasintalli.fi\/","name":"SatuAasin talli","description":"SatuAasin tallin kotisivut ja verkkokauppa","publisher":{"@id":"https:\/\/satuaasintalli.fi\/#organization"},"potentialAction":[{"@type":"SearchAction","target":{"@type":"EntryPoint","urlTemplate":"https:\/\/satuaasintalli.fi\/?s={search_term_string}"},"query-input":{"@type":"PropertyValueSpecification","valueRequired":true,"valueName":"search_term_string"}}],"inLanguage":"fi"},{"@type":"Organization","@id":"https:\/\/satuaasintalli.fi\/#organization","name":"SatuAasin talli","url":"https:\/\/satuaasintalli.fi\/","logo":{"@type":"ImageObject","inLanguage":"fi","@id":"https:\/\/satuaasintalli.fi\/#\/schema\/logo\/image\/","url":"https:\/\/satuaasintalli.fi\/wp-content\/uploads\/2022\/03\/SatuAasin-talli-logo.png","contentUrl":"https:\/\/satuaasintalli.fi\/wp-content\/uploads\/2022\/03\/SatuAasin-talli-logo.png","width":500,"height":523,"caption":"SatuAasin talli"},"image":{"@id":"https:\/\/satuaasintalli.fi\/#\/schema\/logo\/image\/"},"sameAs":["https:\/\/www.facebook.com\/hevostoimintavalkas\/","https:\/\/www.instagram.com\/satuaasintalli\/?hl=fi"]}]}},"wcpa_form_fields":{"wcpaData":{"product":{"product_price":195,"price_html":"<span class=\"woocommerce-Price-amount amount\"><bdi>195,00&nbsp;<span class=\"woocommerce-Price-currencySymbol\">&euro;<\/span><\/bdi><\/span>","original_product_price":195,"price_including_tax":195,"price_excluding_tax":155.37848600000000942600308917462825775146484375,"product_id":{"parent":2547,"variation":false},"is_variable":false,"stock_status":"instock","stock_quantity":null,"parent_sku":"","product_attributes":{"osallistujamaara":{"is_variation":false,"values":["Perushinta sis\u00e4lt\u00e4\u00e4 1-4 henkil\u00f6\u00e4, lis\u00e4henkil\u00f6t lis\u00e4hintaan. Peli toimii parhaiten enint\u00e4\u00e4n 7 henkil\u00f6ll\u00e4."]},"peliversiot":{"is_variation":false,"values":["aikuisten versio","lasten versio"]},"kesto":{"is_variation":false,"values":["Noin 1,5 tuntia."]}},"custom_fields":[],"is_taxable":true,"product_name":"Pakopeli N\u00e4lk\u00e4kiukku","hasImage":false},"fields":{"sec_4679fb63d86f05":{"extra":{"key":"sec_4679fb63d86f05","section_id":"sec_4679fb63d86f05","name":"Default","status":1,"cl_rule":"show","enableCl":false,"relations":[],"toggle":true,"title_tag":"h3","show_title":false,"showPrice":"default","form_id":2622,"form_rules":{"exclude_from_discount":false,"fee_label":"","disp_hide_options_price":false,"disp_show_section_price":false,"disp_show_field_price":false,"layout_option":"standard","pric_use_as_fee":false,"process_fee_as":"woo_fee"},"layout_option":"standard"},"fields":[[{"active":true,"col":6,"relations":false,"cl_rule":"show","enableCl":false,"price":"","enablePrice":true,"className":"","label_position":"default","desc_position":"default","type":"checkbox-group","required":false,"elementId":"checkbox-group_8679fb63d86f4a","label":"Mik\u00e4li osallistujia on enemm\u00e4n kuin 4 henke\u00e4, lis\u00e4\u00e4 lis\u00e4henkil\u00f6t t\u00e4st\u00e4:","name":"checkbox-group_8679fb63d86f4a","values":[{"label":"Lis\u00e4henkil\u00f6 ","value":"Option - 1","selected":false,"tempId":"aco_4277","price":"45","gt_translate_keys":["label"]},{"label":"Lis\u00e4henkil\u00f6 alle 7.v ","value":"Option - 2","selected":false,"tempId":"aco_4278","price":"35","gt_translate_keys":["label"]}],"layOut":"","error":false,"checkUi":"","priceOptions":"different_for_all","pricingType":"fixed","enable_quantity":true,"quantity_label":"M\u00e4\u00e4r\u00e4","gt_translate_keys":["label","quantity_label"],"price_dependency":false,"cl_dependency":false,"value":""}],[{"active":true,"col":6,"relations":false,"cl_rule":"show","enableCl":false,"price":"","enablePrice":false,"className":"","label_position":"default","desc_position":"default","type":"radio-group","required":true,"elementId":"radio-group_5679fb63d86f39","label":"Haluamme valita","name":"radio-group_5679fb63d86f39","values":[{"label":"aikuisten version","value":"Option - 1","selected":false,"tempId":"aco_6255","price":"","gt_translate_keys":["label"]},{"label":"lasten version","value":"Option - 2","selected":false,"tempId":"aco_6256","price":"","gt_translate_keys":["label"]}],"layOut":"","error":false,"checkUi":"","priceOptions":"different_for_all","pricingType":"fixed","gt_translate_keys":["label"],"price_dependency":false,"cl_dependency":false,"value":""}]]},"sec_267bec05b96e2a":{"extra":{"key":"sec_267bec05b96e2a","section_id":"sec_267bec05b96e2a","name":"Default","status":1,"cl_rule":"show","enableCl":false,"relations":[],"toggle":true,"title_tag":"h3","show_title":false,"showPrice":"default","form_id":2968,"form_rules":{"exclude_from_discount":false,"fee_label":"","disp_hide_options_price":false,"disp_show_section_price":false,"disp_show_field_price":true,"layout_option":"standard","pric_use_as_fee":false,"process_fee_as":"woo_fee"},"layout_option":"standard"},"fields":[[{"active":true,"col":6,"relations":false,"cl_rule":"show","enableCl":false,"price":"","enablePrice":false,"className":"","label_position":"default","desc_position":"default","type":"datetime-local","required":true,"elementId":"datetime_0122111941","name":"datetime_0122111941","label":"Valitse sinulle sopivat p\u00e4iv\u00e4t ja kellonajat. Huomioi viikonp\u00e4iv\u00e4n vaikutus hintaan tietyiss\u00e4 aktiviteeteissa. Ajankohta vahvistetaan sinulle tilauksen j\u00e4lkeen. Toiveet pyrit\u00e4\u00e4n huomioimaan, mutta muutokset ovat mahdollisia.","picker_type":"custom","picker_mode":"multiple","timeLayout":"type_2","error":false,"timeStep":"60","date_pic_inline":true,"date_pic_conf":{"dateFormat":"d.m.y h:i","disabledDates":["2025-03-01 to 2025-03-02","2025-03-08","2025-03-16","2025-03-21 to 2025-03-24","2025-04-02","2025-04-12 to 2025-04-13","2025-04-19","2025-04-27","2025-05-04","2025-05-17","2025-05-24","2025-06-02 to 2025-06-07","2025-06-14","2025-06-18","2025-06-24","2025-06-26 to 2025-06-28","2025-07-02 to 2025-07-04","2025-07-08","2025-07-10 to 2025-07-13","2025-07-16"]},"minTime":"09:00","maxTime":"18:00","tooltip":"Kellonajat ovat AM = aamup\u00e4iv\u00e4, PM = iltap\u00e4iv\u00e4","gt_translate_keys":["label","tooltip"],"price_dependency":false,"cl_dependency":false,"value":""}]]}},"config":{"price_override":"","enable_recaptcha":false,"bind_quantity":false,"quantity_bind_formula":false,"disp_summ_show_option_price":true,"disp_summ_show_product_price":true,"disp_summ_show_total_price":true,"disp_summ_show_fee":false,"disp_summ_show_discount":false,"summary_title":"","options_total_label":"Lis\u00e4valinnat","total_label":"Yhteens\u00e4","options_product_label":"Tuotteen hinta","fee_label":"","discount_label":"Alennus","has_price":true,"has_quantity_formula":false},"mc_unit":1,"tax_rate":1,"tax_rate_real":0.25500000000000000444089209850062616169452667236328125,"discount":{"percentage":0,"fixed":0},"design":{"conf":{"LabelPosition":"above","DescPosition":"above","UploadField":"custom_1","QuantityFieldStyle":"default"},"css":{"LeftLabelWidth":"100px"}},"formulas":[],"lookuptables":[],"clones":false,"cartKey":false}},"_links":{"self":[{"href":"https:\/\/satuaasintalli.fi\/index.php\/wp-json\/wp\/v2\/product\/2547","targetHints":{"allow":["GET"]}}],"collection":[{"href":"https:\/\/satuaasintalli.fi\/index.php\/wp-json\/wp\/v2\/product"}],"about":[{"href":"https:\/\/satuaasintalli.fi\/index.php\/wp-json\/wp\/v2\/types\/product"}],"replies":[{"embeddable":true,"href":"https:\/\/satuaasintalli.fi\/index.php\/wp-json\/wp\/v2\/comments?post=2547"}],"version-history":[{"count":6,"href":"https:\/\/satuaasintalli.fi\/index.php\/wp-json\/wp\/v2\/product\/2547\/revisions"}],"predecessor-version":[{"id":3873,"href":"https:\/\/satuaasintalli.fi\/index.php\/wp-json\/wp\/v2\/product\/2547\/revisions\/3873"}],"wp:featuredmedia":[{"embeddable":true,"href":"https:\/\/satuaasintalli.fi\/index.php\/wp-json\/wp\/v2\/media\/2548"}],"wp:attachment":[{"href":"https:\/\/satuaasintalli.fi\/index.php\/wp-json\/wp\/v2\/media?parent=2547"}],"wp:term":[{"taxonomy":"product_brand","embeddable":true,"href":"https:\/\/satuaasintalli.fi\/index.php\/wp-json\/wp\/v2\/product_brand?post=2547"},{"taxonomy":"product_cat","embeddable":true,"href":"https:\/\/satuaasintalli.fi\/index.php\/wp-json\/wp\/v2\/product_cat?post=2547"},{"taxonomy":"product_tag","embeddable":true,"href":"https:\/\/satuaasintalli.fi\/index.php\/wp-json\/wp\/v2\/product_tag?post=2547"}],"curies":[{"name":"wp","href":"https:\/\/api.w.org\/{rel}","templated":true}]}}