{"id":312,"date":"2022-03-03T11:39:00","date_gmt":"2022-03-03T11:39:00","guid":{"rendered":"https:\/\/satuaasintalli.fi\/?page_id=312"},"modified":"2023-12-29T14:29:21","modified_gmt":"2023-12-29T14:29:21","slug":"usein-kysytyt-kysymykset","status":"publish","type":"page","link":"https:\/\/satuaasintalli.fi\/index.php\/usein-kysytyt-kysymykset\/","title":{"rendered":"Usein  kysytyt kysymykset"},"content":{"rendered":"\t\t<div data-elementor-type=\"wp-page\" data-elementor-id=\"312\" class=\"elementor elementor-312\" data-elementor-post-type=\"page\">\n\t\t\t\t\t\t<section class=\"elementor-section elementor-top-section elementor-element elementor-element-f825a03 elementor-section-boxed elementor-section-height-default elementor-section-height-default\" data-id=\"f825a03\" data-element_type=\"section\" data-e-type=\"section\">\n\t\t\t\t\t\t<div class=\"elementor-container elementor-column-gap-default\">\n\t\t\t\t\t<div class=\"elementor-column elementor-col-100 elementor-top-column elementor-element elementor-element-4b9a8c1\" data-id=\"4b9a8c1\" data-element_type=\"column\" data-e-type=\"column\">\n\t\t\t<div class=\"elementor-widget-wrap elementor-element-populated\">\n\t\t\t\t\t\t<div class=\"elementor-element elementor-element-cee57c5 elementor-widget elementor-widget-toggle\" data-id=\"cee57c5\" data-element_type=\"widget\" data-e-type=\"widget\" data-widget_type=\"toggle.default\">\n\t\t\t\t<div class=\"elementor-widget-container\">\n\t\t\t\t\t\t\t<div class=\"elementor-toggle\">\n\t\t\t\t\t\t\t<div class=\"elementor-toggle-item\">\n\t\t\t\t\t<div id=\"elementor-tab-title-2161\" class=\"elementor-tab-title\" data-tab=\"1\" role=\"button\" aria-controls=\"elementor-tab-content-2161\" aria-expanded=\"false\">\n\t\t\t\t\t\t\t\t\t\t\t\t<span class=\"elementor-toggle-icon elementor-toggle-icon-left\" aria-hidden=\"true\">\n\t\t\t\t\t\t\t\t\t\t\t\t\t\t\t<span class=\"elementor-toggle-icon-closed\"><i class=\"fas fa-caret-right\"><\/i><\/span>\n\t\t\t\t\t\t\t\t<span class=\"elementor-toggle-icon-opened\"><i class=\"elementor-toggle-icon-opened fas fa-caret-up\"><\/i><\/span>\n\t\t\t\t\t\t\t\t\t\t\t\t\t<\/span>\n\t\t\t\t\t\t\t\t\t\t\t\t<a class=\"elementor-toggle-title\" tabindex=\"0\">Mist\u00e4 aasit tulevat?<\/a>\n\t\t\t\t\t<\/div>\n\n\t\t\t\t\t<div id=\"elementor-tab-content-2161\" class=\"elementor-tab-content elementor-clearfix\" data-tab=\"1\" role=\"region\" aria-labelledby=\"elementor-tab-title-2161\"><p>Aasit tulevat Euroopasta ja ne hankitaan luotettavien kontaktieni avulla. Kontaktini ovat tarkkoja mm. aasien terveyden osalta ja viralliset asiakirjat ovat niill\u00e4 aina kunnossa. T\u00e4h\u00e4n menness\u00e4 aaseja on tullut Hollannista, Italiasta, Ruotsista ja Tanskasta.<\/p><\/div>\n\t\t\t\t<\/div>\n\t\t\t\t\t\t\t<div class=\"elementor-toggle-item\">\n\t\t\t\t\t<div id=\"elementor-tab-title-2162\" class=\"elementor-tab-title\" data-tab=\"2\" role=\"button\" aria-controls=\"elementor-tab-content-2162\" aria-expanded=\"false\">\n\t\t\t\t\t\t\t\t\t\t\t\t<span class=\"elementor-toggle-icon elementor-toggle-icon-left\" aria-hidden=\"true\">\n\t\t\t\t\t\t\t\t\t\t\t\t\t\t\t<span class=\"elementor-toggle-icon-closed\"><i class=\"fas fa-caret-right\"><\/i><\/span>\n\t\t\t\t\t\t\t\t<span class=\"elementor-toggle-icon-opened\"><i class=\"elementor-toggle-icon-opened fas fa-caret-up\"><\/i><\/span>\n\t\t\t\t\t\t\t\t\t\t\t\t\t<\/span>\n\t\t\t\t\t\t\t\t\t\t\t\t<a class=\"elementor-toggle-title\" tabindex=\"0\">Paljonko aasi maksaa?<\/a>\n\t\t\t\t\t<\/div>\n\n\t\t\t\t\t<div id=\"elementor-tab-content-2162\" class=\"elementor-tab-content elementor-clearfix\" data-tab=\"2\" role=\"region\" aria-labelledby=\"elementor-tab-title-2162\"><p>Aasien hinnat vaihtelevat todella paljon mm. rodun, i\u00e4n, sukupuolen, v\u00e4rityksen ja koon mukaan. Aidot, tietty\u00e4 rotua edustavat ja siksi roduksi rekister\u00f6idyt aasit ovat kalliimpia, kun taas ilman virallisia rekisterej\u00e4 olevat aasit ovat hieman halvempia. Miniaasit ja todella isot ratsuaasit ovat kalliimpia kuin keskivertokokoiset, noin 100 cm tiet\u00e4mill\u00e4 olevat aasit. Yleens\u00e4 tammat ovat kalliimpia kuin ruunat.<\/p><p>Aasia hankkiessaan on hyv\u00e4 varautua siihen, ett\u00e4 sen hankintahinta on noin 1500-7000 \u20ac. Tarkempia hintatietoja pystyn kertomaan aina tietyn aasiyksil\u00f6n kohdalla.<\/p><p>Katso my\u00f6s kohta, &#8221;Mit\u00e4 aasin\u00a0hankintahinta sis\u00e4lt\u00e4\u00e4?&#8221;.<\/p><\/div>\n\t\t\t\t<\/div>\n\t\t\t\t\t\t\t<div class=\"elementor-toggle-item\">\n\t\t\t\t\t<div id=\"elementor-tab-title-2163\" class=\"elementor-tab-title\" data-tab=\"3\" role=\"button\" aria-controls=\"elementor-tab-content-2163\" aria-expanded=\"false\">\n\t\t\t\t\t\t\t\t\t\t\t\t<span class=\"elementor-toggle-icon elementor-toggle-icon-left\" aria-hidden=\"true\">\n\t\t\t\t\t\t\t\t\t\t\t\t\t\t\t<span class=\"elementor-toggle-icon-closed\"><i class=\"fas fa-caret-right\"><\/i><\/span>\n\t\t\t\t\t\t\t\t<span class=\"elementor-toggle-icon-opened\"><i class=\"elementor-toggle-icon-opened fas fa-caret-up\"><\/i><\/span>\n\t\t\t\t\t\t\t\t\t\t\t\t\t<\/span>\n\t\t\t\t\t\t\t\t\t\t\t\t<a class=\"elementor-toggle-title\" tabindex=\"0\">Mit\u00e4 aasin hankintahinta sis\u00e4lt\u00e4\u00e4?<\/a>\n\t\t\t\t\t<\/div>\n\n\t\t\t\t\t<div id=\"elementor-tab-content-2163\" class=\"elementor-tab-content elementor-clearfix\" data-tab=\"3\" role=\"region\" aria-labelledby=\"elementor-tab-title-2163\"><p>Kun ostat minun kauttani aasin, sanomani hinta sis\u00e4lt\u00e4\u00e4 seuraavat asiat<\/p><ul><li>aasi, jolla on passi ja mikrosiru<\/li><li>aasin hoito l\u00e4ht\u00f6maassa sovittuun l\u00e4ht\u00f6p\u00e4iv\u00e4\u00e4n asti<\/li><li>aasin i\u00e4nmukainen madotus ja kaviohuolto ennen l\u00e4ht\u00f6\u00e4<\/li><li>l\u00e4ht\u00f6maassa tehty terveystarkastus ja TRACES-kuljetusasiakirja<\/li><li>kuljetus Suomeen Lopelle\/l\u00e4hist\u00f6lle<\/li><li>riimu ja riimunnaru aasille<\/li><li>myyntiprovisio<\/li><li>Aasinostajan opas<\/li><li>aasin elinik\u00e4inen oikeus kysy\u00e4 minulta neuvoa ja apua aasin hoidossa, ruokinnassa yms.<\/li><\/ul><\/div>\n\t\t\t\t<\/div>\n\t\t\t\t\t\t\t<div class=\"elementor-toggle-item\">\n\t\t\t\t\t<div id=\"elementor-tab-title-2164\" class=\"elementor-tab-title\" data-tab=\"4\" role=\"button\" aria-controls=\"elementor-tab-content-2164\" aria-expanded=\"false\">\n\t\t\t\t\t\t\t\t\t\t\t\t<span class=\"elementor-toggle-icon elementor-toggle-icon-left\" aria-hidden=\"true\">\n\t\t\t\t\t\t\t\t\t\t\t\t\t\t\t<span class=\"elementor-toggle-icon-closed\"><i class=\"fas fa-caret-right\"><\/i><\/span>\n\t\t\t\t\t\t\t\t<span class=\"elementor-toggle-icon-opened\"><i class=\"elementor-toggle-icon-opened fas fa-caret-up\"><\/i><\/span>\n\t\t\t\t\t\t\t\t\t\t\t\t\t<\/span>\n\t\t\t\t\t\t\t\t\t\t\t\t<a class=\"elementor-toggle-title\" tabindex=\"0\">Pit\u00e4\u00e4k\u00f6 aasi rekister\u00f6id\u00e4 Suomeen?<\/a>\n\t\t\t\t\t<\/div>\n\n\t\t\t\t\t<div id=\"elementor-tab-content-2164\" class=\"elementor-tab-content elementor-clearfix\" data-tab=\"4\" role=\"region\" aria-labelledby=\"elementor-tab-title-2164\"><p>Kaikki maahantuotavat aasit pit\u00e4\u00e4 rekister\u00f6id\u00e4 Suomen Hippokseen 30 vuorokauden kuluttua maahantulosta. T\u00e4m\u00e4n rekister\u00f6innin hoitaa aasin omistaja. Suosittelen aasin rekister\u00f6imisen aloittamista pyyt\u00e4m\u00e4ll\u00e4 oman alueen Hevosjalostusliiton tunnistaja k\u00e4ym\u00e4\u00e4n aasin luona. H\u00e4n tarkistaa, ett\u00e4 aasin mikrosiru, passi ja itse aasiyksil\u00f6 t\u00e4sm\u00e4\u00e4v\u00e4t, tekee tunnistusmerkinn\u00e4t paperille ja l\u00e4hett\u00e4\u00e4 paperit Hippokseen rekister\u00f6innin tekoa varten. Mukaan toimitetaan my\u00f6s TRACES-kuljetusasiakirja. T\u00e4ll\u00e4 menettelyll\u00e4 aasisi on virallisesti rekister\u00f6ity Hippokseen, sen kaikki tiedot ovat n\u00e4kyvill\u00e4 ja esim. sen mahdolliset j\u00e4lkel\u00e4iset ovat oikeutettuja saamaan kaikki tiedot my\u00f6s omiin tietoihinsa. Aasin rekister\u00f6inti tunnistamalla maksaa noin 200 \u20ac.<\/p><p>Katso tarkempia tietoja rekister\u00f6innist\u00e4\u00a0<a href=\"https:\/\/www.hippos.fi\/hevosen-omistaminen\/hevosen-rekisterointi-ja-asiakirjat\/hevosen-tuonti-ja-vienti\/\" target=\"_blank\" rel=\"noopener\">Hippoksen sivuilta<\/a>.<\/p><\/div>\n\t\t\t\t<\/div>\n\t\t\t\t\t\t\t<div class=\"elementor-toggle-item\">\n\t\t\t\t\t<div id=\"elementor-tab-title-2165\" class=\"elementor-tab-title\" data-tab=\"5\" role=\"button\" aria-controls=\"elementor-tab-content-2165\" aria-expanded=\"false\">\n\t\t\t\t\t\t\t\t\t\t\t\t<span class=\"elementor-toggle-icon elementor-toggle-icon-left\" aria-hidden=\"true\">\n\t\t\t\t\t\t\t\t\t\t\t\t\t\t\t<span class=\"elementor-toggle-icon-closed\"><i class=\"fas fa-caret-right\"><\/i><\/span>\n\t\t\t\t\t\t\t\t<span class=\"elementor-toggle-icon-opened\"><i class=\"elementor-toggle-icon-opened fas fa-caret-up\"><\/i><\/span>\n\t\t\t\t\t\t\t\t\t\t\t\t\t<\/span>\n\t\t\t\t\t\t\t\t\t\t\t\t<a class=\"elementor-toggle-title\" tabindex=\"0\">Mit\u00e4 ilmoituksia pit\u00e4\u00e4 uuden aasinomistajan tehd\u00e4?<\/a>\n\t\t\t\t\t<\/div>\n\n\t\t\t\t\t<div id=\"elementor-tab-content-2165\" class=\"elementor-tab-content elementor-clearfix\" data-tab=\"5\" role=\"region\" aria-labelledby=\"elementor-tab-title-2165\"><p>Jokaisen kavioel\u00e4imi\u00e4 (eli my\u00f6s aaseja) pit\u00e4v\u00e4n tilan pit\u00e4\u00e4 hankkia itselleen pitopaikkatunnus ja ilmoittaa aina pitopaikkaan tulevat ja sielt\u00e4 l\u00e4htev\u00e4t el\u00e4imet. Tunnus hankintaan Ruokaviraston kautta ja se on ilmaista. Katso lis\u00e4\u00e4\u00a0<a href=\"https:\/\/www.ruokavirasto.fi\/viljelijat\/elaintenpito\/elainten-merkinta-ja-rekisterointi\/hevoselaimet\/hevoselaimen-pitajan-ja-pitopaikan-rekisterointi\/\" target=\"_blank\" rel=\"noopener\">Ruokaviraston sivulta<\/a>. Aasien saapuminen tai l\u00e4hteminen tallilta voidaan ilmoittaa esimerkiksi Hippoksen OmaTalli -palvelun kautta s\u00e4hk\u00f6isesti. Katso lis\u00e4\u00e4\u00a0<a href=\"https:\/\/heppa.hippos.fi\/omatalli\/authenticate\" target=\"_blank\" rel=\"noopener\">OmaTalli-palvelusta<\/a>.<\/p><\/div>\n\t\t\t\t<\/div>\n\t\t\t\t\t\t\t<div class=\"elementor-toggle-item\">\n\t\t\t\t\t<div id=\"elementor-tab-title-2166\" class=\"elementor-tab-title\" data-tab=\"6\" role=\"button\" aria-controls=\"elementor-tab-content-2166\" aria-expanded=\"false\">\n\t\t\t\t\t\t\t\t\t\t\t\t<span class=\"elementor-toggle-icon elementor-toggle-icon-left\" aria-hidden=\"true\">\n\t\t\t\t\t\t\t\t\t\t\t\t\t\t\t<span class=\"elementor-toggle-icon-closed\"><i class=\"fas fa-caret-right\"><\/i><\/span>\n\t\t\t\t\t\t\t\t<span class=\"elementor-toggle-icon-opened\"><i class=\"elementor-toggle-icon-opened fas fa-caret-up\"><\/i><\/span>\n\t\t\t\t\t\t\t\t\t\t\t\t\t<\/span>\n\t\t\t\t\t\t\t\t\t\t\t\t<a class=\"elementor-toggle-title\" tabindex=\"0\">Mit\u00e4 tietoja saan aasista etuk\u00e4teen?<\/a>\n\t\t\t\t\t<\/div>\n\n\t\t\t\t\t<div id=\"elementor-tab-content-2166\" class=\"elementor-tab-content elementor-clearfix\" data-tab=\"6\" role=\"region\" aria-labelledby=\"elementor-tab-title-2166\"><article><div class=\"faq-content\"><p>Ulkomailta tuotavia aaseja kun ei itse p\u00e4\u00e4se n\u00e4kem\u00e4\u00e4n ja koskettelemaan, niin voi olla ep\u00e4varmuus siit\u00e4, onko tuleva aasi sellainen kuin on luvattu. Pyrin siihen, ett\u00e4 ostaja saa aasista aina etuk\u00e4teen tarvittavat perusinfotiedot (mm. syntym\u00e4aika, v\u00e4ri, sukupuoli, s\u00e4k\u00e4korkeus) sek\u00e4 tiedon siit\u00e4, onko aasi jotain tietty\u00e4 virallista rotua vai ei. Lis\u00e4ksi aasista saa n\u00e4ht\u00e4ville kuvia ja videoita sek\u00e4 kuvauksen sen luonteesta, k\u00e4yt\u00f6ksest\u00e4 ja aiemmista elinoloista. Tiedossa olevat terveyteen liittyv\u00e4t seikat my\u00f6s kerrotaan. Kaikkea ei tietysti aaseista p\u00e4\u00e4lle p\u00e4in n\u00e4y ja mahdolliset my\u00f6hemmin ilmenev\u00e4t terveydelliset haasteet ovat mahdollisia (kuten mill\u00e4 tahansa el\u00e4imell\u00e4). Aasikauppani perustuu luottamukseen ulkomailla oleviin kontakteihini ja viel\u00e4 kertaakaan en ole joutunut heid\u00e4n tarkkaan ja eettiseen aasinv\u00e4litykseen pettym\u00e4\u00e4n, vaan aina olen sielt\u00e4 saanut sellaisia aaseja kuin minulle on luvattukin.<\/p><\/div><\/article><\/div>\n\t\t\t\t<\/div>\n\t\t\t\t\t\t\t<div class=\"elementor-toggle-item\">\n\t\t\t\t\t<div id=\"elementor-tab-title-2167\" class=\"elementor-tab-title\" data-tab=\"7\" role=\"button\" aria-controls=\"elementor-tab-content-2167\" aria-expanded=\"false\">\n\t\t\t\t\t\t\t\t\t\t\t\t<span class=\"elementor-toggle-icon elementor-toggle-icon-left\" aria-hidden=\"true\">\n\t\t\t\t\t\t\t\t\t\t\t\t\t\t\t<span class=\"elementor-toggle-icon-closed\"><i class=\"fas fa-caret-right\"><\/i><\/span>\n\t\t\t\t\t\t\t\t<span class=\"elementor-toggle-icon-opened\"><i class=\"elementor-toggle-icon-opened fas fa-caret-up\"><\/i><\/span>\n\t\t\t\t\t\t\t\t\t\t\t\t\t<\/span>\n\t\t\t\t\t\t\t\t\t\t\t\t<a class=\"elementor-toggle-title\" tabindex=\"0\">Minne aasi Suomeen tultuaan kuljetetaan?<\/a>\n\t\t\t\t\t<\/div>\n\n\t\t\t\t\t<div id=\"elementor-tab-content-2167\" class=\"elementor-tab-content elementor-clearfix\" data-tab=\"7\" role=\"region\" aria-labelledby=\"elementor-tab-title-2167\"><article><div class=\"faq-content\"><article><div class=\"faq-content\"><p>Aasin hinta sis\u00e4lt\u00e4\u00e4 kuljetuksen Etel\u00e4-Suomeen tallilleni Lopelle. Mik\u00e4li tallisi on sopivasti kuljetusyhti\u00f6n reitin varrella, voidaan aasit tuoda samantien sinulle kotiin. Usein aasit tulevat ensin minun tallilleni, josta ne matkaavat l\u00e4hip\u00e4ivien aikana omistajan luokse. Omistaja voi joko itse hakea aasin meilt\u00e4 tai voimme j\u00e4rjest\u00e4\u00e4 erillisen kuljetuksen aasille kotiin (lis\u00e4maksu).<\/p><\/div><\/article><\/div><\/article><\/div>\n\t\t\t\t<\/div>\n\t\t\t\t\t\t\t<div class=\"elementor-toggle-item\">\n\t\t\t\t\t<div id=\"elementor-tab-title-2168\" class=\"elementor-tab-title\" data-tab=\"8\" role=\"button\" aria-controls=\"elementor-tab-content-2168\" aria-expanded=\"false\">\n\t\t\t\t\t\t\t\t\t\t\t\t<span class=\"elementor-toggle-icon elementor-toggle-icon-left\" aria-hidden=\"true\">\n\t\t\t\t\t\t\t\t\t\t\t\t\t\t\t<span class=\"elementor-toggle-icon-closed\"><i class=\"fas fa-caret-right\"><\/i><\/span>\n\t\t\t\t\t\t\t\t<span class=\"elementor-toggle-icon-opened\"><i class=\"elementor-toggle-icon-opened fas fa-caret-up\"><\/i><\/span>\n\t\t\t\t\t\t\t\t\t\t\t\t\t<\/span>\n\t\t\t\t\t\t\t\t\t\t\t\t<a class=\"elementor-toggle-title\" tabindex=\"0\">Mist\u00e4 saan tietoa ensimm\u00e4isen oman aasin hankkimista varten?<\/a>\n\t\t\t\t\t<\/div>\n\n\t\t\t\t\t<div id=\"elementor-tab-content-2168\" class=\"elementor-tab-content elementor-clearfix\" data-tab=\"8\" role=\"region\" aria-labelledby=\"elementor-tab-title-2168\"><article><div class=\"faq-content\"><article><div class=\"faq-content\"><p>Aasin hankintaan on syyt\u00e4 valmistautua ajoissa ja hankkia tietoa mm. sen tarvitsemista elintiloista, ruokinnasta ja varusteista. On my\u00f6s t\u00e4rke\u00e4\u00e4 muistaa, ett\u00e4 aasi tarvitsee laumatoverin eli on syyt\u00e4 valmistautua hankkimaan v\u00e4hint\u00e4\u00e4n kaksi aasia samalla kertaa. Internetiss\u00e4 on paljon hyvi\u00e4 tietopankkeja aaseista, joita kannattaa hy\u00f6dynt\u00e4\u00e4. My\u00f6s minulta ja muilta aasi-ihmisilt\u00e4 kyselem\u00e4ll\u00e4 saa paljon tietoa. Alla on listattu joitain sivuja, joihin kannattaa tutustua kun mietit, hankkisitko oman aasin tai jos sellainen on jo sinulla tiedossa.<\/p><p><a href=\"https:\/\/aasiyhdistys.com\/\" target=\"_blank\" rel=\"noopener\">Suomen Aasiyhdistys ry.<\/a><\/p><p><a href=\"https:\/\/verkkokurssille.fi\/aasinhoitopaiva-verkkokurssina\/\" target=\"_blank\" rel=\"noopener\">Aasinhoitop\u00e4iv\u00e4 verkkokurssina<\/a><\/p><p><a href=\"https:\/\/www.facebook.com\/groups\/186282524880520\" target=\"_blank\" rel=\"noopener\">Facebookissa Aasien ja muulien yst\u00e4v\u00e4t -ryhm\u00e4<\/a><\/p><p><a href=\"https:\/\/hevostietokeskus.fi\/i\/hoito\/hevosen-pitopaikka\/hevosen-pitopaikan-vaatimukset\/hevosen-pitopaikan-mitoitusvaatimukset\" target=\"_blank\" rel=\"noopener\">Tietoa hevos\/aasitallien mitoitusvaatimuksista yms.<\/a>\u00a0(Hevostietokeskus)<\/p><\/div><\/article><\/div><\/article><\/div>\n\t\t\t\t<\/div>\n\t\t\t\t\t\t\t\t<\/div>\n\t\t\t\t\t\t<\/div>\n\t\t\t\t<\/div>\n\t\t\t\t\t<\/div>\n\t\t<\/div>\n\t\t\t\t\t<\/div>\n\t\t<\/section>\n\t\t\t\t<\/div>\n\t\t","protected":false},"excerpt":{"rendered":"<p>Mist\u00e4 aasit tulevat? Aasit tulevat Euroopasta ja ne hankitaan luotettavien kontaktieni avulla. Kontaktini ovat tarkkoja mm. aasien terveyden osalta ja viralliset asiakirjat ovat niill\u00e4 aina kunnossa. T\u00e4h\u00e4n menness\u00e4 aaseja on tullut Hollannista, Italiasta, Ruotsista ja Tanskasta. Paljonko aasi maksaa? Aasien hinnat vaihtelevat todella paljon mm. rodun, i\u00e4n, sukupuolen, v\u00e4rityksen ja koon mukaan. Aidot, tietty\u00e4 rotua [&hellip;]<\/p>\n","protected":false},"author":1,"featured_media":0,"parent":0,"menu_order":0,"comment_status":"closed","ping_status":"closed","template":"elementor_header_footer","meta":{"footnotes":""},"class_list":["post-312","page","type-page","status-publish","hentry"],"yoast_head":"<!-- This site is optimized with the Yoast SEO plugin v27.4 - https:\/\/yoast.com\/product\/yoast-seo-wordpress\/ -->\n<title>Usein kysytyt kysymykset - SatuAasin talli<\/title>\n<meta name=\"description\" content=\"Mit\u00e4 aasi maksaa? Mit\u00e4 aasi sy\u00f6? Miten aasi kuljetetaan Suomeen? Mit\u00e4 tietoa saan myyt\u00e4v\u00e4st\u00e4 aasista? Aasin rekister\u00f6inti?\" \/>\n<meta name=\"robots\" content=\"index, follow, max-snippet:-1, max-image-preview:large, max-video-preview:-1\" \/>\n<link rel=\"canonical\" href=\"https:\/\/satuaasintalli.fi\/index.php\/usein-kysytyt-kysymykset\/\" \/>\n<meta property=\"og:locale\" content=\"fi_FI\" \/>\n<meta property=\"og:type\" content=\"article\" \/>\n<meta property=\"og:title\" content=\"Usein kysytyt kysymykset - SatuAasin talli\" \/>\n<meta property=\"og:description\" content=\"Mit\u00e4 aasi maksaa? Mit\u00e4 aasi sy\u00f6? Miten aasi kuljetetaan Suomeen? Mit\u00e4 tietoa saan myyt\u00e4v\u00e4st\u00e4 aasista? Aasin rekister\u00f6inti?\" \/>\n<meta property=\"og:url\" content=\"https:\/\/satuaasintalli.fi\/index.php\/usein-kysytyt-kysymykset\/\" \/>\n<meta property=\"og:site_name\" content=\"SatuAasin talli\" \/>\n<meta property=\"article:publisher\" content=\"https:\/\/www.facebook.com\/hevostoimintavalkas\/\" \/>\n<meta property=\"article:modified_time\" content=\"2023-12-29T14:29:21+00:00\" \/>\n<meta name=\"twitter:card\" content=\"summary_large_image\" \/>\n<meta name=\"twitter:label1\" content=\"Arvioitu lukuaika\" \/>\n\t<meta name=\"twitter:data1\" content=\"3 minuuttia\" \/>\n<script type=\"application\/ld+json\" class=\"yoast-schema-graph\">{\"@context\":\"https:\\\/\\\/schema.org\",\"@graph\":[{\"@type\":\"WebPage\",\"@id\":\"https:\\\/\\\/satuaasintalli.fi\\\/index.php\\\/usein-kysytyt-kysymykset\\\/\",\"url\":\"https:\\\/\\\/satuaasintalli.fi\\\/index.php\\\/usein-kysytyt-kysymykset\\\/\",\"name\":\"Usein kysytyt kysymykset - SatuAasin talli\",\"isPartOf\":{\"@id\":\"https:\\\/\\\/satuaasintalli.fi\\\/#website\"},\"datePublished\":\"2022-03-03T11:39:00+00:00\",\"dateModified\":\"2023-12-29T14:29:21+00:00\",\"description\":\"Mit\u00e4 aasi maksaa? Mit\u00e4 aasi sy\u00f6? Miten aasi kuljetetaan Suomeen? Mit\u00e4 tietoa saan myyt\u00e4v\u00e4st\u00e4 aasista? Aasin rekister\u00f6inti?\",\"breadcrumb\":{\"@id\":\"https:\\\/\\\/satuaasintalli.fi\\\/index.php\\\/usein-kysytyt-kysymykset\\\/#breadcrumb\"},\"inLanguage\":\"fi\",\"potentialAction\":[{\"@type\":\"ReadAction\",\"target\":[\"https:\\\/\\\/satuaasintalli.fi\\\/index.php\\\/usein-kysytyt-kysymykset\\\/\"]}]},{\"@type\":\"BreadcrumbList\",\"@id\":\"https:\\\/\\\/satuaasintalli.fi\\\/index.php\\\/usein-kysytyt-kysymykset\\\/#breadcrumb\",\"itemListElement\":[{\"@type\":\"ListItem\",\"position\":1,\"name\":\"Home\",\"item\":\"https:\\\/\\\/satuaasintalli.fi\\\/\"},{\"@type\":\"ListItem\",\"position\":2,\"name\":\"Usein kysytyt kysymykset\"}]},{\"@type\":\"WebSite\",\"@id\":\"https:\\\/\\\/satuaasintalli.fi\\\/#website\",\"url\":\"https:\\\/\\\/satuaasintalli.fi\\\/\",\"name\":\"SatuAasin talli\",\"description\":\"SatuAasin tallin kotisivut ja verkkokauppa\",\"publisher\":{\"@id\":\"https:\\\/\\\/satuaasintalli.fi\\\/#organization\"},\"potentialAction\":[{\"@type\":\"SearchAction\",\"target\":{\"@type\":\"EntryPoint\",\"urlTemplate\":\"https:\\\/\\\/satuaasintalli.fi\\\/?s={search_term_string}\"},\"query-input\":{\"@type\":\"PropertyValueSpecification\",\"valueRequired\":true,\"valueName\":\"search_term_string\"}}],\"inLanguage\":\"fi\"},{\"@type\":\"Organization\",\"@id\":\"https:\\\/\\\/satuaasintalli.fi\\\/#organization\",\"name\":\"SatuAasin talli\",\"url\":\"https:\\\/\\\/satuaasintalli.fi\\\/\",\"logo\":{\"@type\":\"ImageObject\",\"inLanguage\":\"fi\",\"@id\":\"https:\\\/\\\/satuaasintalli.fi\\\/#\\\/schema\\\/logo\\\/image\\\/\",\"url\":\"https:\\\/\\\/satuaasintalli.fi\\\/wp-content\\\/uploads\\\/2022\\\/03\\\/SatuAasin-talli-logo.png\",\"contentUrl\":\"https:\\\/\\\/satuaasintalli.fi\\\/wp-content\\\/uploads\\\/2022\\\/03\\\/SatuAasin-talli-logo.png\",\"width\":500,\"height\":523,\"caption\":\"SatuAasin talli\"},\"image\":{\"@id\":\"https:\\\/\\\/satuaasintalli.fi\\\/#\\\/schema\\\/logo\\\/image\\\/\"},\"sameAs\":[\"https:\\\/\\\/www.facebook.com\\\/hevostoimintavalkas\\\/\",\"https:\\\/\\\/www.instagram.com\\\/satuaasintalli\\\/?hl=fi\"]}]}<\/script>\n<!-- \/ Yoast SEO plugin. -->","yoast_head_json":{"title":"Usein kysytyt kysymykset - SatuAasin talli","description":"Mit\u00e4 aasi maksaa? Mit\u00e4 aasi sy\u00f6? Miten aasi kuljetetaan Suomeen? Mit\u00e4 tietoa saan myyt\u00e4v\u00e4st\u00e4 aasista? Aasin rekister\u00f6inti?","robots":{"index":"index","follow":"follow","max-snippet":"max-snippet:-1","max-image-preview":"max-image-preview:large","max-video-preview":"max-video-preview:-1"},"canonical":"https:\/\/satuaasintalli.fi\/index.php\/usein-kysytyt-kysymykset\/","og_locale":"fi_FI","og_type":"article","og_title":"Usein kysytyt kysymykset - SatuAasin talli","og_description":"Mit\u00e4 aasi maksaa? Mit\u00e4 aasi sy\u00f6? Miten aasi kuljetetaan Suomeen? Mit\u00e4 tietoa saan myyt\u00e4v\u00e4st\u00e4 aasista? Aasin rekister\u00f6inti?","og_url":"https:\/\/satuaasintalli.fi\/index.php\/usein-kysytyt-kysymykset\/","og_site_name":"SatuAasin talli","article_publisher":"https:\/\/www.facebook.com\/hevostoimintavalkas\/","article_modified_time":"2023-12-29T14:29:21+00:00","twitter_card":"summary_large_image","twitter_misc":{"Arvioitu lukuaika":"3 minuuttia"},"schema":{"@context":"https:\/\/schema.org","@graph":[{"@type":"WebPage","@id":"https:\/\/satuaasintalli.fi\/index.php\/usein-kysytyt-kysymykset\/","url":"https:\/\/satuaasintalli.fi\/index.php\/usein-kysytyt-kysymykset\/","name":"Usein kysytyt kysymykset - SatuAasin talli","isPartOf":{"@id":"https:\/\/satuaasintalli.fi\/#website"},"datePublished":"2022-03-03T11:39:00+00:00","dateModified":"2023-12-29T14:29:21+00:00","description":"Mit\u00e4 aasi maksaa? Mit\u00e4 aasi sy\u00f6? Miten aasi kuljetetaan Suomeen? Mit\u00e4 tietoa saan myyt\u00e4v\u00e4st\u00e4 aasista? Aasin rekister\u00f6inti?","breadcrumb":{"@id":"https:\/\/satuaasintalli.fi\/index.php\/usein-kysytyt-kysymykset\/#breadcrumb"},"inLanguage":"fi","potentialAction":[{"@type":"ReadAction","target":["https:\/\/satuaasintalli.fi\/index.php\/usein-kysytyt-kysymykset\/"]}]},{"@type":"BreadcrumbList","@id":"https:\/\/satuaasintalli.fi\/index.php\/usein-kysytyt-kysymykset\/#breadcrumb","itemListElement":[{"@type":"ListItem","position":1,"name":"Home","item":"https:\/\/satuaasintalli.fi\/"},{"@type":"ListItem","position":2,"name":"Usein kysytyt kysymykset"}]},{"@type":"WebSite","@id":"https:\/\/satuaasintalli.fi\/#website","url":"https:\/\/satuaasintalli.fi\/","name":"SatuAasin talli","description":"SatuAasin tallin kotisivut ja verkkokauppa","publisher":{"@id":"https:\/\/satuaasintalli.fi\/#organization"},"potentialAction":[{"@type":"SearchAction","target":{"@type":"EntryPoint","urlTemplate":"https:\/\/satuaasintalli.fi\/?s={search_term_string}"},"query-input":{"@type":"PropertyValueSpecification","valueRequired":true,"valueName":"search_term_string"}}],"inLanguage":"fi"},{"@type":"Organization","@id":"https:\/\/satuaasintalli.fi\/#organization","name":"SatuAasin talli","url":"https:\/\/satuaasintalli.fi\/","logo":{"@type":"ImageObject","inLanguage":"fi","@id":"https:\/\/satuaasintalli.fi\/#\/schema\/logo\/image\/","url":"https:\/\/satuaasintalli.fi\/wp-content\/uploads\/2022\/03\/SatuAasin-talli-logo.png","contentUrl":"https:\/\/satuaasintalli.fi\/wp-content\/uploads\/2022\/03\/SatuAasin-talli-logo.png","width":500,"height":523,"caption":"SatuAasin talli"},"image":{"@id":"https:\/\/satuaasintalli.fi\/#\/schema\/logo\/image\/"},"sameAs":["https:\/\/www.facebook.com\/hevostoimintavalkas\/","https:\/\/www.instagram.com\/satuaasintalli\/?hl=fi"]}]}},"_links":{"self":[{"href":"https:\/\/satuaasintalli.fi\/index.php\/wp-json\/wp\/v2\/pages\/312","targetHints":{"allow":["GET"]}}],"collection":[{"href":"https:\/\/satuaasintalli.fi\/index.php\/wp-json\/wp\/v2\/pages"}],"about":[{"href":"https:\/\/satuaasintalli.fi\/index.php\/wp-json\/wp\/v2\/types\/page"}],"author":[{"embeddable":true,"href":"https:\/\/satuaasintalli.fi\/index.php\/wp-json\/wp\/v2\/users\/1"}],"replies":[{"embeddable":true,"href":"https:\/\/satuaasintalli.fi\/index.php\/wp-json\/wp\/v2\/comments?post=312"}],"version-history":[{"count":8,"href":"https:\/\/satuaasintalli.fi\/index.php\/wp-json\/wp\/v2\/pages\/312\/revisions"}],"predecessor-version":[{"id":1892,"href":"https:\/\/satuaasintalli.fi\/index.php\/wp-json\/wp\/v2\/pages\/312\/revisions\/1892"}],"wp:attachment":[{"href":"https:\/\/satuaasintalli.fi\/index.php\/wp-json\/wp\/v2\/media?parent=312"}],"curies":[{"name":"wp","href":"https:\/\/api.w.org\/{rel}","templated":true}]}}