{"id":294,"date":"2022-03-03T11:08:00","date_gmt":"2022-03-03T11:08:00","guid":{"rendered":"https:\/\/satuaasintalli.fi\/?page_id=294"},"modified":"2024-07-25T17:31:39","modified_gmt":"2024-07-25T17:31:39","slug":"valimeren-miniaasit","status":"publish","type":"page","link":"https:\/\/satuaasintalli.fi\/index.php\/valimeren-miniaasit\/","title":{"rendered":"V\u00e4limeren miniaasit"},"content":{"rendered":"\t\t<div data-elementor-type=\"wp-page\" data-elementor-id=\"294\" class=\"elementor elementor-294\" data-elementor-post-type=\"page\">\n\t\t\t\t\t\t<section class=\"elementor-section elementor-top-section elementor-element elementor-element-219bd41 elementor-reverse-mobile elementor-section-boxed elementor-section-height-default elementor-section-height-default\" data-id=\"219bd41\" data-element_type=\"section\" data-e-type=\"section\" data-settings=\"{&quot;background_background&quot;:&quot;classic&quot;}\">\n\t\t\t\t\t\t<div class=\"elementor-container elementor-column-gap-default\">\n\t\t\t\t\t<div class=\"elementor-column elementor-col-100 elementor-top-column elementor-element elementor-element-32b7454\" data-id=\"32b7454\" data-element_type=\"column\" data-e-type=\"column\">\n\t\t\t<div class=\"elementor-widget-wrap elementor-element-populated\">\n\t\t\t\t\t\t<div class=\"elementor-element elementor-element-9286910 elementor-widget elementor-widget-heading\" data-id=\"9286910\" data-element_type=\"widget\" data-e-type=\"widget\" data-widget_type=\"heading.default\">\n\t\t\t\t<div class=\"elementor-widget-container\">\n\t\t\t\t\t<h2 class=\"elementor-heading-title elementor-size-xl\">V\u00e4limeren miniaasit<\/h2>\t\t\t\t<\/div>\n\t\t\t\t<\/div>\n\t\t\t\t<div class=\"elementor-element elementor-element-25dab30 elementor-widget elementor-widget-text-editor\" data-id=\"25dab30\" data-element_type=\"widget\" data-e-type=\"widget\" data-widget_type=\"text-editor.default\">\n\t\t\t\t<div class=\"elementor-widget-container\">\n\t\t\t\t\t\t\t\t\t<ul><li>Alunperin Sardiniasta ja Sisiliasta kotoisin oleva aasirotu, jota on jalostettu my\u00f6hemmin Pohjois-Amerikassa.<\/li><li>S\u00e4k\u00e4korkeus on yleens\u00e4 75-91 senttimetri\u00e4 ja niiden paino vaihtelee 100 kilon molemmin puolin.<\/li><li>S\u00e4k\u00e4korkeudeltaan alle 75 cm korkuista aasia kutsutaan mikrominiaasiksi<\/li><li>Syntyess\u00e4\u00e4n miniaasi painaa vain noin 5-10 kiloa.<\/li><li>Miniaasit auttoivat V\u00e4limeren saariston vuoristossa kantamusten kantamisessa vaikeakulkuisille poiluilla ja myllynkivien py\u00f6ritt\u00e4misess\u00e4 sis\u00e4tiloissa, joten t\u00e4st\u00e4 syyst\u00e4 pienikokoisuus n\u00e4htiin etuna.<\/li><li>Nykyinen l\u00e4hinn\u00e4 lemmikkin\u00e4 tunnettu miniaasien rotukanta on jalostettu Yhdysvalloissa ja sielt\u00e4 ne ovat levinneet v\u00e4hitellen ymp\u00e4ri Eurooppaa, jossa ne ovatkin eritt\u00e4in suosittuja nyky\u00e4\u00e4n.<\/li><li>Miniaasit ovat tunnettuja hellytt\u00e4v\u00e4st\u00e4, sosiaalisesta ja rauhoittavasta luonteestaan.<\/li><li>V\u00e4limeren miniaaseja ei ole Suomessa kuin reilu 30 yksil\u00f6\u00e4, joista suurin osa on tullut maahan SatuAasin tallin kautta.<\/li><li>Miniaasit ovat yleens\u00e4 perusterveit\u00e4 ja ne voivat el\u00e4\u00e4 jopa yli 30-vuotiaiksi.\u00a0<\/li><\/ul>\t\t\t\t\t\t\t\t<\/div>\n\t\t\t\t<\/div>\n\t\t\t\t\t<\/div>\n\t\t<\/div>\n\t\t\t\t\t<\/div>\n\t\t<\/section>\n\t\t\t\t<section class=\"elementor-section elementor-top-section elementor-element elementor-element-f647e24 elementor-section-boxed elementor-section-height-default elementor-section-height-default\" data-id=\"f647e24\" data-element_type=\"section\" data-e-type=\"section\">\n\t\t\t\t\t\t<div class=\"elementor-container elementor-column-gap-default\">\n\t\t\t\t\t<div class=\"elementor-column elementor-col-50 elementor-top-column elementor-element elementor-element-b726876\" data-id=\"b726876\" data-element_type=\"column\" data-e-type=\"column\">\n\t\t\t<div class=\"elementor-widget-wrap elementor-element-populated\">\n\t\t\t\t\t\t<div class=\"elementor-element elementor-element-28c966d elementor-widget elementor-widget-text-editor\" data-id=\"28c966d\" data-element_type=\"widget\" data-e-type=\"widget\" data-widget_type=\"text-editor.default\">\n\t\t\t\t<div class=\"elementor-widget-container\">\n\t\t\t\t\t\t\t\t\t<p>Lis\u00e4tietoja t\u00e4st\u00e4 aasirodusta l\u00f6ytyy englanniksi\u00a0<a href=\"http:\/\/www.miniature-donkey-assoc.com\/history.html\" target=\"_blank\" rel=\"noopener\">Englannin rotuyhdistyksen nettisivuilta<\/a>.<\/p><p>Min\u00e4 t\u00f6rm\u00e4sin ensimm\u00e4isen kerran miniaaseihin, kun olin yhteisty\u00f6kuvioita kehittelem\u00e4ss\u00e4 Ylitalojen tilalla Hattulassa. Heill\u00e4 oli tuolloin Suomen suurin miniaasilauma (6 yksil\u00f6\u00e4). Kun hetken k\u00e4yskentelin aasilauman seassa ja totesin, kuinka rauhallisia ja sosiaalisia ne ovat, niin johan min\u00e4 innostuin haaveilemaan omasta miniaasista. Se olisi juuri sopiva el\u00e4in kuntouttavaan asiakasty\u00f6h\u00f6n. Ja niinh\u00e4n siin\u00e4 sitten k\u00e4vi, ett\u00e4 miniaasivarsa\u00a0Ylitalon R\u00f6lli (s. 2016)\u00a0p\u00e4\u00e4tyi minun omakseni. Aluksi R\u00f6lli tuli minulle toukokuussa 2017 em\u00e4ns\u00e4 kanssa ja syksyll\u00e4 vieroituksen j\u00e4lkeen vaihdoimme R\u00f6llin kaveriksi lainaan minulle miniaasiruuna Samban. Aasi tarvitsee aasikaverin, joten on hyv\u00e4, ett\u00e4 R\u00f6llill\u00e4 on koko ajan ollut samaa lajia oleva kaveri, vaikka aasit olivatkin ensimm\u00e4iset pari vuotta samassa laumassa ponien kanssa. Nyt R\u00f6lli on palannut takaisin alkuper\u00e4iseen aasilaumaansa, sill\u00e4 oman aasilaumani kasvun my\u00f6t\u00e4 R\u00f6lli ei tuntunut siin\u00e4 en\u00e4\u00e4 niin hyvin viihtyv\u00e4n. Mutta R\u00f6llille on kiitos siit\u00e4, ett\u00e4 minun aasi-innostukseni l\u00e4hti liikkeelle ja ett\u00e4 se on kasvanut nykyisiin mittasuhteisiinsa.<\/p>\t\t\t\t\t\t\t\t<\/div>\n\t\t\t\t<\/div>\n\t\t\t\t\t<\/div>\n\t\t<\/div>\n\t\t\t\t<div class=\"elementor-column elementor-col-50 elementor-top-column elementor-element elementor-element-b56eee5\" data-id=\"b56eee5\" data-element_type=\"column\" data-e-type=\"column\">\n\t\t\t<div class=\"elementor-widget-wrap elementor-element-populated\">\n\t\t\t\t\t\t<div class=\"elementor-element elementor-element-e22826f elementor-widget elementor-widget-image\" data-id=\"e22826f\" data-element_type=\"widget\" data-e-type=\"widget\" data-widget_type=\"image.default\">\n\t\t\t\t<div class=\"elementor-widget-container\">\n\t\t\t\t\t\t\t\t\t\t\t\t<figure class=\"wp-caption\">\n\t\t\t\t\t\t\t\t\t\t<img decoding=\"async\" src=\"https:\/\/satuaasintalli.fi\/wp-content\/uploads\/2022\/03\/20180721_155413.jpeg\" title=\"\" alt=\"\" loading=\"lazy\" \/>\t\t\t\t\t\t\t\t\t\t\t<figcaption class=\"widget-image-caption wp-caption-text\"><\/figcaption>\n\t\t\t\t\t\t\t\t\t\t<\/figure>\n\t\t\t\t\t\t\t\t\t<\/div>\n\t\t\t\t<\/div>\n\t\t\t\t\t<\/div>\n\t\t<\/div>\n\t\t\t\t\t<\/div>\n\t\t<\/section>\n\t\t\t\t<section class=\"elementor-section elementor-top-section elementor-element elementor-element-e466ec8 elementor-section-boxed elementor-section-height-default elementor-section-height-default\" data-id=\"e466ec8\" data-element_type=\"section\" data-e-type=\"section\">\n\t\t\t\t\t\t<div class=\"elementor-container elementor-column-gap-default\">\n\t\t\t\t\t<div class=\"elementor-column elementor-col-100 elementor-top-column elementor-element elementor-element-080e6b5\" data-id=\"080e6b5\" data-element_type=\"column\" data-e-type=\"column\">\n\t\t\t<div class=\"elementor-widget-wrap elementor-element-populated\">\n\t\t\t\t\t\t<div class=\"elementor-element elementor-element-473d072 elementor-widget elementor-widget-text-editor\" data-id=\"473d072\" data-element_type=\"widget\" data-e-type=\"widget\" data-widget_type=\"text-editor.default\">\n\t\t\t\t<div class=\"elementor-widget-container\">\n\t\t\t\t\t\t\t\t\t<p>Ensimm\u00e4inen kasvattamani v\u00e4limeren miniaasi on\u00a0<span style=\"font-size: 1em; letter-spacing: -0.27px;\">Arom\u00e4en Challenger eli\u00a0<\/span><span style=\"font-size: 1em; letter-spacing: -0.27px;\">Calle<\/span><span style=\"font-size: 1em; letter-spacing: -0.27px; font-weight: bold;\">.\u00a0<\/span><span style=\"font-size: 1em; letter-spacing: -0.27px;\">Nimi tulee perunatilamme nimest\u00e4 Arom\u00e4ki sek\u00e4 viljelem\u00e4st\u00e4mme Challenger perunalajikkeesta.<\/span><span style=\"font-size: inherit; text-align: inherit; letter-spacing: -0.015em;\">\u00a0Sen em\u00e4 Na&#8217;Vi tuli talliini Hollannista kev\u00e4\u00e4ll\u00e4 2018 ja <\/span><span style=\"font-size: inherit; text-align: inherit; letter-spacing: -0.015em;\">se varsoi hienon orivarsan 21.7.18. Valitettavasti Na&#8217;vin \u00e4idinvaistot eiv\u00e4t her\u00e4nneet, vaan keinoem\u00e4n ja pulloruokinnan turvin Calle aloitti el\u00e4m\u00e4ntaipaleensa.<\/span><span style=\"font-size: inherit; text-align: inherit; letter-spacing: -0.015em;\">\u00a0<\/span><span style=\"font-size: inherit; text-align: inherit; letter-spacing: -0.015em;\">Callesta onkin kasvanut oikein reipas ja sosiaalinen aasipoika ja sen p\u00e4\u00e4see tapaamaan useissa tapahtumissa, joissa aasi vied\u00e4\u00e4n talliltamme asiakkaan luokse.<\/span><\/p><p><span style=\"font-size: inherit; text-align: inherit; letter-spacing: -0.015em;\">Tallilla syntyy satunnaisesti miniaasivarsoja ja niit\u00e4 my\u00f6s maahantuodaan tallimme kautta.<\/span><\/p>\t\t\t\t\t\t\t\t<\/div>\n\t\t\t\t<\/div>\n\t\t\t\t\t<\/div>\n\t\t<\/div>\n\t\t\t\t\t<\/div>\n\t\t<\/section>\n\t\t\t\t<section class=\"elementor-section elementor-top-section elementor-element elementor-element-266c9a4 elementor-section-boxed elementor-section-height-default elementor-section-height-default\" data-id=\"266c9a4\" data-element_type=\"section\" data-e-type=\"section\">\n\t\t\t\t\t\t<div class=\"elementor-container elementor-column-gap-default\">\n\t\t\t\t\t<div class=\"elementor-column elementor-col-50 elementor-top-column elementor-element elementor-element-dbab87a\" data-id=\"dbab87a\" data-element_type=\"column\" data-e-type=\"column\">\n\t\t\t<div class=\"elementor-widget-wrap elementor-element-populated\">\n\t\t\t\t\t\t<div class=\"elementor-element elementor-element-75f0231 elementor-widget elementor-widget-image\" data-id=\"75f0231\" data-element_type=\"widget\" data-e-type=\"widget\" data-widget_type=\"image.default\">\n\t\t\t\t<div class=\"elementor-widget-container\">\n\t\t\t\t\t\t\t\t\t\t\t\t<figure class=\"wp-caption\">\n\t\t\t\t\t\t\t\t\t\t<img decoding=\"async\" src=\"https:\/\/satuaasintalli.fi\/wp-content\/uploads\/2022\/03\/20190603_132253.jpeg\" title=\"\" alt=\"\" loading=\"lazy\" \/>\t\t\t\t\t\t\t\t\t\t\t<figcaption class=\"widget-image-caption wp-caption-text\">Miniaasitkin ovat n\u00e4pp\u00e4ri\u00e4 kantamaan pient\u00e4 kuormaa repuissa mets\u00e4retkell\u00e4.<\/figcaption>\n\t\t\t\t\t\t\t\t\t\t<\/figure>\n\t\t\t\t\t\t\t\t\t<\/div>\n\t\t\t\t<\/div>\n\t\t\t\t\t<\/div>\n\t\t<\/div>\n\t\t\t\t<div class=\"elementor-column elementor-col-50 elementor-top-column elementor-element elementor-element-2eddbd0\" data-id=\"2eddbd0\" data-element_type=\"column\" data-e-type=\"column\">\n\t\t\t<div class=\"elementor-widget-wrap elementor-element-populated\">\n\t\t\t\t\t\t<div class=\"elementor-element elementor-element-9f2ce98 elementor-widget elementor-widget-image\" data-id=\"9f2ce98\" data-element_type=\"widget\" data-e-type=\"widget\" data-widget_type=\"image.default\">\n\t\t\t\t<div class=\"elementor-widget-container\">\n\t\t\t\t\t\t\t\t\t\t\t\t<figure class=\"wp-caption\">\n\t\t\t\t\t\t\t\t\t\t<img fetchpriority=\"high\" decoding=\"async\" width=\"580\" height=\"475\" src=\"https:\/\/satuaasintalli.fi\/wp-content\/uploads\/2022\/03\/Kolme-erikokoista-aasia-sivusta-1024x838.jpg\" class=\"attachment-large size-large wp-image-735\" alt=\"\" srcset=\"https:\/\/satuaasintalli.fi\/wp-content\/uploads\/2022\/03\/Kolme-erikokoista-aasia-sivusta-1024x838.jpg 1024w, https:\/\/satuaasintalli.fi\/wp-content\/uploads\/2022\/03\/Kolme-erikokoista-aasia-sivusta-scaled-600x491.jpg 600w, https:\/\/satuaasintalli.fi\/wp-content\/uploads\/2022\/03\/Kolme-erikokoista-aasia-sivusta-300x245.jpg 300w, https:\/\/satuaasintalli.fi\/wp-content\/uploads\/2022\/03\/Kolme-erikokoista-aasia-sivusta-768x628.jpg 768w, https:\/\/satuaasintalli.fi\/wp-content\/uploads\/2022\/03\/Kolme-erikokoista-aasia-sivusta-1536x1256.jpg 1536w, https:\/\/satuaasintalli.fi\/wp-content\/uploads\/2022\/03\/Kolme-erikokoista-aasia-sivusta-2048x1675.jpg 2048w, https:\/\/satuaasintalli.fi\/wp-content\/uploads\/2022\/03\/Kolme-erikokoista-aasia-sivusta-1200x982.jpg 1200w, https:\/\/satuaasintalli.fi\/wp-content\/uploads\/2022\/03\/Kolme-erikokoista-aasia-sivusta-1980x1620.jpg 1980w\" sizes=\"(max-width: 580px) 100vw, 580px\" \/>\t\t\t\t\t\t\t\t\t\t\t<figcaption class=\"widget-image-caption wp-caption-text\">Edess\u00e4 v\u00e4limeren miniaasi (76 cm), keskell\u00e4 miniaasin ja tavallisen aasin risteytys (91 cm) ja takana tavallinen aasi (100 cm).<\/figcaption>\n\t\t\t\t\t\t\t\t\t\t<\/figure>\n\t\t\t\t\t\t\t\t\t<\/div>\n\t\t\t\t<\/div>\n\t\t\t\t\t<\/div>\n\t\t<\/div>\n\t\t\t\t\t<\/div>\n\t\t<\/section>\n\t\t\t\t<section class=\"elementor-section elementor-top-section elementor-element elementor-element-7440b6c elementor-reverse-mobile elementor-section-boxed elementor-section-height-default elementor-section-height-default\" data-id=\"7440b6c\" data-element_type=\"section\" data-e-type=\"section\" data-settings=\"{&quot;background_background&quot;:&quot;classic&quot;}\">\n\t\t\t\t\t\t<div class=\"elementor-container elementor-column-gap-default\">\n\t\t\t\t\t<div class=\"elementor-column elementor-col-100 elementor-top-column elementor-element elementor-element-0a8167e\" data-id=\"0a8167e\" data-element_type=\"column\" data-e-type=\"column\">\n\t\t\t<div class=\"elementor-widget-wrap elementor-element-populated\">\n\t\t\t\t\t\t<div class=\"elementor-element elementor-element-f7d4ab1 elementor-widget elementor-widget-heading\" data-id=\"f7d4ab1\" data-element_type=\"widget\" data-e-type=\"widget\" data-widget_type=\"heading.default\">\n\t\t\t\t<div class=\"elementor-widget-container\">\n\t\t\t\t\t<h2 class=\"elementor-heading-title elementor-size-xl\">Haluaisitko miniaasin itsellesi?<\/h2>\t\t\t\t<\/div>\n\t\t\t\t<\/div>\n\t\t\t\t\t<\/div>\n\t\t<\/div>\n\t\t\t\t\t<\/div>\n\t\t<\/section>\n\t\t\t\t<section class=\"elementor-section elementor-top-section elementor-element elementor-element-63d2e7c elementor-section-boxed elementor-section-height-default elementor-section-height-default\" data-id=\"63d2e7c\" data-element_type=\"section\" data-e-type=\"section\" data-settings=\"{&quot;background_background&quot;:&quot;classic&quot;}\">\n\t\t\t\t\t\t<div class=\"elementor-container elementor-column-gap-default\">\n\t\t\t\t\t<div class=\"elementor-column elementor-col-50 elementor-top-column elementor-element elementor-element-a0e6bf6\" data-id=\"a0e6bf6\" data-element_type=\"column\" data-e-type=\"column\">\n\t\t\t<div class=\"elementor-widget-wrap elementor-element-populated\">\n\t\t\t\t\t\t<div class=\"elementor-element elementor-element-0d62f79 elementor-widget elementor-widget-text-editor\" data-id=\"0d62f79\" data-element_type=\"widget\" data-e-type=\"widget\" data-widget_type=\"text-editor.default\">\n\t\t\t\t<div class=\"elementor-widget-container\">\n\t\t\t\t\t\t\t\t\t<p>Miniaaseja ei ole Suomessa myyt\u00e4v\u00e4n\u00e4 kuin hyvin harvoin, joten miniaasin hankintaa unelmoivalle tarjoan apua miniaasin ulkomailta tuomisessa. Tutustu asiaan\u00a0<a href=\"https:\/\/satuaasintalli.fi\/index.php\/myytavat-aasit\/\">Myyt\u00e4v\u00e4t aasit<\/a>\u00a0-sivulla ja lue my\u00f6s\u00a0<a href=\"https:\/\/satuaasintalli.fi\/index.php\/usein-kysytyt-kysymykset\/\">Usein kysytyt kysymykset<\/a> aasien myynnist\u00e4.<\/p>\t\t\t\t\t\t\t\t<\/div>\n\t\t\t\t<\/div>\n\t\t\t\t\t<\/div>\n\t\t<\/div>\n\t\t\t\t<div class=\"elementor-column elementor-col-50 elementor-top-column elementor-element elementor-element-d90496e\" data-id=\"d90496e\" data-element_type=\"column\" data-e-type=\"column\">\n\t\t\t<div class=\"elementor-widget-wrap elementor-element-populated\">\n\t\t\t\t\t\t<div class=\"elementor-element elementor-element-47eb846 elementor-widget elementor-widget-image\" data-id=\"47eb846\" data-element_type=\"widget\" data-e-type=\"widget\" data-widget_type=\"image.default\">\n\t\t\t\t<div class=\"elementor-widget-container\">\n\t\t\t\t\t\t\t\t\t\t\t\t\t\t\t<img decoding=\"async\" src=\"https:\/\/satuaasintalli.fi\/wp-content\/uploads\/2022\/03\/20170801_111639.jpeg\" title=\"\" alt=\"\" loading=\"lazy\" \/>\t\t\t\t\t\t\t\t\t\t\t\t\t\t\t<\/div>\n\t\t\t\t<\/div>\n\t\t\t\t\t<\/div>\n\t\t<\/div>\n\t\t\t\t\t<\/div>\n\t\t<\/section>\n\t\t\t\t<\/div>\n\t\t","protected":false},"excerpt":{"rendered":"<p>V\u00e4limeren miniaasit Alunperin Sardiniasta ja Sisiliasta kotoisin oleva aasirotu, jota on jalostettu my\u00f6hemmin Pohjois-Amerikassa. S\u00e4k\u00e4korkeus on yleens\u00e4 75-91 senttimetri\u00e4 ja niiden paino vaihtelee 100 kilon molemmin puolin. S\u00e4k\u00e4korkeudeltaan alle 75 cm korkuista aasia kutsutaan mikrominiaasiksi Syntyess\u00e4\u00e4n miniaasi painaa vain noin 5-10 kiloa. Miniaasit auttoivat V\u00e4limeren saariston vuoristossa kantamusten kantamisessa vaikeakulkuisille poiluilla ja myllynkivien py\u00f6ritt\u00e4misess\u00e4 sis\u00e4tiloissa, [&hellip;]<\/p>\n","protected":false},"author":1,"featured_media":0,"parent":0,"menu_order":0,"comment_status":"closed","ping_status":"closed","template":"elementor_header_footer","meta":{"footnotes":""},"class_list":["post-294","page","type-page","status-publish","hentry"],"yoast_head":"<!-- This site is optimized with the Yoast SEO plugin v27.4 - https:\/\/yoast.com\/product\/yoast-seo-wordpress\/ -->\n<title>V\u00e4limeren miniaasit - SatuAasin talli<\/title>\n<meta name=\"robots\" content=\"index, follow, max-snippet:-1, max-image-preview:large, max-video-preview:-1\" \/>\n<link rel=\"canonical\" href=\"https:\/\/satuaasintalli.fi\/index.php\/valimeren-miniaasit\/\" \/>\n<meta property=\"og:locale\" content=\"fi_FI\" \/>\n<meta property=\"og:type\" content=\"article\" \/>\n<meta property=\"og:title\" content=\"V\u00e4limeren miniaasit - SatuAasin talli\" \/>\n<meta property=\"og:description\" content=\"V\u00e4limeren miniaasit Alunperin Sardiniasta ja Sisiliasta kotoisin oleva aasirotu, jota on jalostettu my\u00f6hemmin Pohjois-Amerikassa. S\u00e4k\u00e4korkeus on yleens\u00e4 75-91 senttimetri\u00e4 ja niiden paino vaihtelee 100 kilon molemmin puolin. S\u00e4k\u00e4korkeudeltaan alle 75 cm korkuista aasia kutsutaan mikrominiaasiksi Syntyess\u00e4\u00e4n miniaasi painaa vain noin 5-10 kiloa. Miniaasit auttoivat V\u00e4limeren saariston vuoristossa kantamusten kantamisessa vaikeakulkuisille poiluilla ja myllynkivien py\u00f6ritt\u00e4misess\u00e4 sis\u00e4tiloissa, [&hellip;]\" \/>\n<meta property=\"og:url\" content=\"https:\/\/satuaasintalli.fi\/index.php\/valimeren-miniaasit\/\" \/>\n<meta property=\"og:site_name\" content=\"SatuAasin talli\" \/>\n<meta property=\"article:publisher\" content=\"https:\/\/www.facebook.com\/hevostoimintavalkas\/\" \/>\n<meta property=\"article:modified_time\" content=\"2024-07-25T17:31:39+00:00\" \/>\n<meta property=\"og:image\" content=\"https:\/\/satuaasintalli.fi\/wp-content\/uploads\/2022\/03\/20180721_155413.jpeg\" \/>\n<meta name=\"twitter:card\" content=\"summary_large_image\" \/>\n<meta name=\"twitter:label1\" content=\"Arvioitu lukuaika\" \/>\n\t<meta name=\"twitter:data1\" content=\"3 minuuttia\" \/>\n<script type=\"application\/ld+json\" class=\"yoast-schema-graph\">{\"@context\":\"https:\\\/\\\/schema.org\",\"@graph\":[{\"@type\":\"WebPage\",\"@id\":\"https:\\\/\\\/satuaasintalli.fi\\\/index.php\\\/valimeren-miniaasit\\\/\",\"url\":\"https:\\\/\\\/satuaasintalli.fi\\\/index.php\\\/valimeren-miniaasit\\\/\",\"name\":\"V\u00e4limeren miniaasit - SatuAasin talli\",\"isPartOf\":{\"@id\":\"https:\\\/\\\/satuaasintalli.fi\\\/#website\"},\"primaryImageOfPage\":{\"@id\":\"https:\\\/\\\/satuaasintalli.fi\\\/index.php\\\/valimeren-miniaasit\\\/#primaryimage\"},\"image\":{\"@id\":\"https:\\\/\\\/satuaasintalli.fi\\\/index.php\\\/valimeren-miniaasit\\\/#primaryimage\"},\"thumbnailUrl\":\"https:\\\/\\\/satuaasintalli.fi\\\/wp-content\\\/uploads\\\/2022\\\/03\\\/20180721_155413.jpeg\",\"datePublished\":\"2022-03-03T11:08:00+00:00\",\"dateModified\":\"2024-07-25T17:31:39+00:00\",\"breadcrumb\":{\"@id\":\"https:\\\/\\\/satuaasintalli.fi\\\/index.php\\\/valimeren-miniaasit\\\/#breadcrumb\"},\"inLanguage\":\"fi\",\"potentialAction\":[{\"@type\":\"ReadAction\",\"target\":[\"https:\\\/\\\/satuaasintalli.fi\\\/index.php\\\/valimeren-miniaasit\\\/\"]}]},{\"@type\":\"ImageObject\",\"inLanguage\":\"fi\",\"@id\":\"https:\\\/\\\/satuaasintalli.fi\\\/index.php\\\/valimeren-miniaasit\\\/#primaryimage\",\"url\":\"\",\"contentUrl\":\"\"},{\"@type\":\"BreadcrumbList\",\"@id\":\"https:\\\/\\\/satuaasintalli.fi\\\/index.php\\\/valimeren-miniaasit\\\/#breadcrumb\",\"itemListElement\":[{\"@type\":\"ListItem\",\"position\":1,\"name\":\"Home\",\"item\":\"https:\\\/\\\/satuaasintalli.fi\\\/\"},{\"@type\":\"ListItem\",\"position\":2,\"name\":\"V\u00e4limeren miniaasit\"}]},{\"@type\":\"WebSite\",\"@id\":\"https:\\\/\\\/satuaasintalli.fi\\\/#website\",\"url\":\"https:\\\/\\\/satuaasintalli.fi\\\/\",\"name\":\"SatuAasin talli\",\"description\":\"SatuAasin tallin kotisivut ja verkkokauppa\",\"publisher\":{\"@id\":\"https:\\\/\\\/satuaasintalli.fi\\\/#organization\"},\"potentialAction\":[{\"@type\":\"SearchAction\",\"target\":{\"@type\":\"EntryPoint\",\"urlTemplate\":\"https:\\\/\\\/satuaasintalli.fi\\\/?s={search_term_string}\"},\"query-input\":{\"@type\":\"PropertyValueSpecification\",\"valueRequired\":true,\"valueName\":\"search_term_string\"}}],\"inLanguage\":\"fi\"},{\"@type\":\"Organization\",\"@id\":\"https:\\\/\\\/satuaasintalli.fi\\\/#organization\",\"name\":\"SatuAasin talli\",\"url\":\"https:\\\/\\\/satuaasintalli.fi\\\/\",\"logo\":{\"@type\":\"ImageObject\",\"inLanguage\":\"fi\",\"@id\":\"https:\\\/\\\/satuaasintalli.fi\\\/#\\\/schema\\\/logo\\\/image\\\/\",\"url\":\"https:\\\/\\\/satuaasintalli.fi\\\/wp-content\\\/uploads\\\/2022\\\/03\\\/SatuAasin-talli-logo.png\",\"contentUrl\":\"https:\\\/\\\/satuaasintalli.fi\\\/wp-content\\\/uploads\\\/2022\\\/03\\\/SatuAasin-talli-logo.png\",\"width\":500,\"height\":523,\"caption\":\"SatuAasin talli\"},\"image\":{\"@id\":\"https:\\\/\\\/satuaasintalli.fi\\\/#\\\/schema\\\/logo\\\/image\\\/\"},\"sameAs\":[\"https:\\\/\\\/www.facebook.com\\\/hevostoimintavalkas\\\/\",\"https:\\\/\\\/www.instagram.com\\\/satuaasintalli\\\/?hl=fi\"]}]}<\/script>\n<!-- \/ Yoast SEO plugin. -->","yoast_head_json":{"title":"V\u00e4limeren miniaasit - SatuAasin talli","robots":{"index":"index","follow":"follow","max-snippet":"max-snippet:-1","max-image-preview":"max-image-preview:large","max-video-preview":"max-video-preview:-1"},"canonical":"https:\/\/satuaasintalli.fi\/index.php\/valimeren-miniaasit\/","og_locale":"fi_FI","og_type":"article","og_title":"V\u00e4limeren miniaasit - SatuAasin talli","og_description":"V\u00e4limeren miniaasit Alunperin Sardiniasta ja Sisiliasta kotoisin oleva aasirotu, jota on jalostettu my\u00f6hemmin Pohjois-Amerikassa. S\u00e4k\u00e4korkeus on yleens\u00e4 75-91 senttimetri\u00e4 ja niiden paino vaihtelee 100 kilon molemmin puolin. S\u00e4k\u00e4korkeudeltaan alle 75 cm korkuista aasia kutsutaan mikrominiaasiksi Syntyess\u00e4\u00e4n miniaasi painaa vain noin 5-10 kiloa. Miniaasit auttoivat V\u00e4limeren saariston vuoristossa kantamusten kantamisessa vaikeakulkuisille poiluilla ja myllynkivien py\u00f6ritt\u00e4misess\u00e4 sis\u00e4tiloissa, [&hellip;]","og_url":"https:\/\/satuaasintalli.fi\/index.php\/valimeren-miniaasit\/","og_site_name":"SatuAasin talli","article_publisher":"https:\/\/www.facebook.com\/hevostoimintavalkas\/","article_modified_time":"2024-07-25T17:31:39+00:00","og_image":[{"url":"https:\/\/satuaasintalli.fi\/wp-content\/uploads\/2022\/03\/20180721_155413.jpeg","type":"","width":"","height":""}],"twitter_card":"summary_large_image","twitter_misc":{"Arvioitu lukuaika":"3 minuuttia"},"schema":{"@context":"https:\/\/schema.org","@graph":[{"@type":"WebPage","@id":"https:\/\/satuaasintalli.fi\/index.php\/valimeren-miniaasit\/","url":"https:\/\/satuaasintalli.fi\/index.php\/valimeren-miniaasit\/","name":"V\u00e4limeren miniaasit - SatuAasin talli","isPartOf":{"@id":"https:\/\/satuaasintalli.fi\/#website"},"primaryImageOfPage":{"@id":"https:\/\/satuaasintalli.fi\/index.php\/valimeren-miniaasit\/#primaryimage"},"image":{"@id":"https:\/\/satuaasintalli.fi\/index.php\/valimeren-miniaasit\/#primaryimage"},"thumbnailUrl":"https:\/\/satuaasintalli.fi\/wp-content\/uploads\/2022\/03\/20180721_155413.jpeg","datePublished":"2022-03-03T11:08:00+00:00","dateModified":"2024-07-25T17:31:39+00:00","breadcrumb":{"@id":"https:\/\/satuaasintalli.fi\/index.php\/valimeren-miniaasit\/#breadcrumb"},"inLanguage":"fi","potentialAction":[{"@type":"ReadAction","target":["https:\/\/satuaasintalli.fi\/index.php\/valimeren-miniaasit\/"]}]},{"@type":"ImageObject","inLanguage":"fi","@id":"https:\/\/satuaasintalli.fi\/index.php\/valimeren-miniaasit\/#primaryimage","url":"","contentUrl":""},{"@type":"BreadcrumbList","@id":"https:\/\/satuaasintalli.fi\/index.php\/valimeren-miniaasit\/#breadcrumb","itemListElement":[{"@type":"ListItem","position":1,"name":"Home","item":"https:\/\/satuaasintalli.fi\/"},{"@type":"ListItem","position":2,"name":"V\u00e4limeren miniaasit"}]},{"@type":"WebSite","@id":"https:\/\/satuaasintalli.fi\/#website","url":"https:\/\/satuaasintalli.fi\/","name":"SatuAasin talli","description":"SatuAasin tallin kotisivut ja verkkokauppa","publisher":{"@id":"https:\/\/satuaasintalli.fi\/#organization"},"potentialAction":[{"@type":"SearchAction","target":{"@type":"EntryPoint","urlTemplate":"https:\/\/satuaasintalli.fi\/?s={search_term_string}"},"query-input":{"@type":"PropertyValueSpecification","valueRequired":true,"valueName":"search_term_string"}}],"inLanguage":"fi"},{"@type":"Organization","@id":"https:\/\/satuaasintalli.fi\/#organization","name":"SatuAasin talli","url":"https:\/\/satuaasintalli.fi\/","logo":{"@type":"ImageObject","inLanguage":"fi","@id":"https:\/\/satuaasintalli.fi\/#\/schema\/logo\/image\/","url":"https:\/\/satuaasintalli.fi\/wp-content\/uploads\/2022\/03\/SatuAasin-talli-logo.png","contentUrl":"https:\/\/satuaasintalli.fi\/wp-content\/uploads\/2022\/03\/SatuAasin-talli-logo.png","width":500,"height":523,"caption":"SatuAasin talli"},"image":{"@id":"https:\/\/satuaasintalli.fi\/#\/schema\/logo\/image\/"},"sameAs":["https:\/\/www.facebook.com\/hevostoimintavalkas\/","https:\/\/www.instagram.com\/satuaasintalli\/?hl=fi"]}]}},"_links":{"self":[{"href":"https:\/\/satuaasintalli.fi\/index.php\/wp-json\/wp\/v2\/pages\/294","targetHints":{"allow":["GET"]}}],"collection":[{"href":"https:\/\/satuaasintalli.fi\/index.php\/wp-json\/wp\/v2\/pages"}],"about":[{"href":"https:\/\/satuaasintalli.fi\/index.php\/wp-json\/wp\/v2\/types\/page"}],"author":[{"embeddable":true,"href":"https:\/\/satuaasintalli.fi\/index.php\/wp-json\/wp\/v2\/users\/1"}],"replies":[{"embeddable":true,"href":"https:\/\/satuaasintalli.fi\/index.php\/wp-json\/wp\/v2\/comments?post=294"}],"version-history":[{"count":28,"href":"https:\/\/satuaasintalli.fi\/index.php\/wp-json\/wp\/v2\/pages\/294\/revisions"}],"predecessor-version":[{"id":2251,"href":"https:\/\/satuaasintalli.fi\/index.php\/wp-json\/wp\/v2\/pages\/294\/revisions\/2251"}],"wp:attachment":[{"href":"https:\/\/satuaasintalli.fi\/index.php\/wp-json\/wp\/v2\/media?parent=294"}],"curies":[{"name":"wp","href":"https:\/\/api.w.org\/{rel}","templated":true}]}}